--
-- Host: localhost    Database: chat_app
-- ------------------------------------------------------


--
-- Table structure for table `group_members`
--

CREATE TABLE `group_members` (
  `group_id` int(11) NOT NULL,
  `user_id` int(11) NOT NULL,
  PRIMARY KEY (`group_id`,`user_id`),
  KEY `user_id` (`user_id`),
  CONSTRAINT `group_members_ibfk_1` FOREIGN KEY (`group_id`) REFERENCES `groups` (`id`),
  CONSTRAINT `group_members_ibfk_2` FOREIGN KEY (`user_id`) REFERENCES `users` (`id`)
) ENGINE=InnoDB DEFAULT CHARSET=utf8mb4 COLLATE=utf8mb4_general_ci;

--
-- Dumping data for table `group_members`
--

INSERT INTO `group_members` VALUES (1,134),(1,135),(1,148),(1,150),(2,134),(2,135),(2,136),(2,139),(2,140),(2,141),(2,142),(2,148),(2,149),(2,150),(2,151),(2,152),(3,134),(3,136),(4,134),(4,152);

--
-- Table structure for table `group_messages`
--

CREATE TABLE `group_messages` (
  `id` int(11) NOT NULL AUTO_INCREMENT,
  `group_id` int(11) NOT NULL,
  `sender_id` int(11) NOT NULL,
  `message` text NOT NULL,
  `timestamp` timestamp NULL DEFAULT current_timestamp(),
  `file_type` varchar(50) DEFAULT NULL,
  `file_url` varchar(255) DEFAULT NULL,
  `file_size` int(11) DEFAULT NULL,
  PRIMARY KEY (`id`),
  KEY `group_id` (`group_id`),
  KEY `sender_id` (`sender_id`),
  CONSTRAINT `group_messages_ibfk_1` FOREIGN KEY (`group_id`) REFERENCES `groups` (`id`),
  CONSTRAINT `group_messages_ibfk_2` FOREIGN KEY (`sender_id`) REFERENCES `users` (`id`)
) ENGINE=InnoDB AUTO_INCREMENT=37 DEFAULT CHARSET=utf8mb4 COLLATE=utf8mb4_general_ci;

--
-- Dumping data for table `group_messages`
--

INSERT INTO `group_messages` VALUES (1,1,134,'HELLO ','2025-03-10 03:26:19',NULL,NULL,NULL),(2,1,134,'','2025-03-10 04:34:32','image/jpeg','http://localhost:3000/uploads/1741581272147.jpg',44019),(3,1,150,'hello iam mayank','2025-03-10 04:36:04',NULL,NULL,NULL),(4,2,134,'HELLO ','2025-03-10 05:10:22',NULL,NULL,NULL),(5,2,134,'hyyy teams','2025-03-10 05:15:53',NULL,NULL,NULL),(6,2,135,'hyy','2025-03-10 05:16:06',NULL,NULL,NULL),(7,1,134,'HELLO ','2025-03-10 07:24:01',NULL,NULL,NULL),(8,1,134,'hello ','2025-03-10 07:25:18',NULL,NULL,NULL),(9,1,134,'hello ','2025-03-10 07:25:21',NULL,NULL,NULL),(10,1,135,'helo ','2025-03-10 07:25:31',NULL,NULL,NULL),(11,1,134,'helo ','2025-03-10 07:25:34',NULL,NULL,NULL),(12,1,134,'@kumar singh: helo \nhey  how are you ?','2025-03-10 09:39:17',NULL,NULL,NULL),(13,1,135,'helo ','2025-03-10 09:39:29',NULL,NULL,NULL),(14,2,134,'? Hi!','2025-03-11 05:56:38',NULL,NULL,NULL),(15,1,134,'? Hi!','2025-03-11 06:09:32',NULL,NULL,NULL),(16,1,134,'helo','2025-03-11 07:35:47',NULL,NULL,NULL),(17,1,134,'@\ndeepak kushwaha','2025-03-11 09:48:23',NULL,NULL,NULL),(18,1,134,'helo\nhow are you ?','2025-03-11 09:49:03',NULL,NULL,NULL),(19,1,135,'helo','2025-03-12 12:53:31',NULL,NULL,NULL),(20,1,134,'','2025-03-12 12:53:38','image/png','http://localhost:3000/uploads/1741784018931.png',334947),(21,1,135,'hello','2025-03-17 04:35:11',NULL,NULL,NULL),(22,1,134,'helo','2025-03-17 04:35:21',NULL,NULL,NULL),(23,1,135,'helo','2025-03-17 04:35:25',NULL,NULL,NULL),(24,1,134,'helo','2025-03-17 04:35:43',NULL,NULL,NULL),(25,1,135,'helo ','2025-03-17 04:36:30',NULL,NULL,NULL),(26,1,134,'helo','2025-03-17 04:36:34',NULL,NULL,NULL),(27,1,135,'how are you?','2025-03-17 04:36:44',NULL,NULL,NULL),(28,1,134,'hyy','2025-03-17 06:56:00',NULL,NULL,NULL),(29,1,135,'@kumar singh: hyy\nhello','2025-03-18 06:58:18',NULL,NULL,NULL),(30,1,134,'@kumar singh: hyyhy','2025-03-18 07:35:22',NULL,NULL,NULL),(31,2,135,'hello ','2025-03-20 06:49:27',NULL,NULL,NULL),(32,1,135,'helo','2025-03-20 09:07:14',NULL,NULL,NULL),(33,1,134,'hello ','2025-03-20 11:03:26',NULL,NULL,NULL),(34,2,134,'heelo ','2025-03-20 11:03:31',NULL,NULL,NULL),(35,2,134,'hello angular teams ','2025-03-20 11:03:54',NULL,NULL,NULL),(36,2,135,'hello ','2025-03-20 11:04:13',NULL,NULL,NULL);

--
-- Table structure for table `groups`
--

CREATE TABLE `groups` (
  `id` int(11) NOT NULL AUTO_INCREMENT,
  `name` varchar(255) NOT NULL,
  `created_at` timestamp NULL DEFAULT current_timestamp(),
  PRIMARY KEY (`id`)
) ENGINE=InnoDB AUTO_INCREMENT=5 DEFAULT CHARSET=utf8mb4 COLLATE=utf8mb4_general_ci;

--
-- Dumping data for table `groups`
--

INSERT INTO `groups` VALUES (1,'GVENTURE TEAMS','2025-03-10 03:26:13'),(2,'ANGULAR TEAMS','2025-03-10 05:10:06'),(3,'you group','2025-03-20 12:25:13'),(4,'testing','2025-03-21 09:55:36');

--
-- Table structure for table `messages`
--

CREATE TABLE `messages` (
  `id` int(11) NOT NULL AUTO_INCREMENT,
  `sender_id` int(11) NOT NULL,
  `receiver_id` int(11) NOT NULL,
  `message` text NOT NULL,
  `timestamp` timestamp NULL DEFAULT current_timestamp(),
  `file_type` varchar(50) DEFAULT NULL,
  `file_url` varchar(255) DEFAULT NULL,
  `file_size` int(11) DEFAULT NULL,
  `is_read` tinyint(4) DEFAULT 0,
  PRIMARY KEY (`id`),
  KEY `sender_id` (`sender_id`),
  KEY `receiver_id` (`receiver_id`)
) ENGINE=InnoDB AUTO_INCREMENT=3667 DEFAULT CHARSET=utf8mb4 COLLATE=utf8mb4_general_ci;

--
-- Dumping data for table `messages`
--

INSERT INTO `messages` VALUES (1993,135,134,'Hello','2025-02-04 09:49:27',NULL,NULL,NULL,1),(1994,135,134,'Hello','2025-02-04 09:49:27',NULL,NULL,NULL,1),(1995,134,135,'Hello','2025-02-04 09:49:57',NULL,NULL,NULL,1),(1996,134,135,'Hello','2025-02-04 09:49:57',NULL,NULL,NULL,1),(1997,134,135,'','2025-02-04 10:44:54','image/png','http://localhost:3000/uploads/1738665894495.png',304832,1),(1998,134,135,'','2025-02-04 10:44:54',NULL,NULL,NULL,1),(1999,135,134,'','2025-02-04 10:46:04','image/png','http://localhost:3000/uploads/1738665964250.png',132900,1),(2000,135,134,'','2025-02-04 10:46:04',NULL,NULL,NULL,1),(2001,135,134,'Hello Kumar','2025-02-04 10:46:26',NULL,NULL,NULL,1),(2002,135,134,'Hello Kumar','2025-02-04 10:46:26',NULL,NULL,NULL,1),(2003,134,135,'HELLO Deepak','2025-02-04 10:46:40',NULL,NULL,NULL,1),(2004,134,135,'HELLO Deepak','2025-02-04 10:46:40',NULL,NULL,NULL,1),(2005,134,136,'Hello Aayush','2025-02-04 11:55:41',NULL,NULL,NULL,0),(2006,134,136,'Hello Aayush','2025-02-04 11:55:41',NULL,NULL,NULL,0),(2007,134,135,'','2025-02-05 05:28:24','image/png','http://localhost:3000/uploads/1738733304614.png',282815,1),(2008,134,135,'','2025-02-05 05:28:24',NULL,NULL,NULL,1),(2009,135,134,'hello','2025-02-05 05:29:02',NULL,NULL,NULL,1),(2010,135,134,'hello','2025-02-05 05:29:02',NULL,NULL,NULL,1),(2011,135,134,'hello kumar','2025-02-05 05:29:51',NULL,NULL,NULL,1),(2012,135,134,'hello kumar','2025-02-05 05:29:51',NULL,NULL,NULL,1),(2013,134,135,'helo','2025-02-05 06:02:04',NULL,NULL,NULL,1),(2014,134,135,'helo','2025-02-05 06:02:04',NULL,NULL,NULL,1),(2015,134,135,'helo','2025-02-06 07:04:20',NULL,NULL,NULL,1),(2016,134,135,'helo','2025-02-06 07:04:20',NULL,NULL,NULL,1),(2018,134,134,'Hello Self','2025-02-06 07:05:11',NULL,NULL,NULL,1),(2019,135,134,'hy','2025-02-06 07:06:01',NULL,NULL,NULL,1),(2020,135,134,'hy','2025-02-06 07:06:01',NULL,NULL,NULL,1),(2021,134,135,'helo','2025-02-06 07:50:34',NULL,NULL,NULL,1),(2022,134,135,'helo','2025-02-06 07:50:34',NULL,NULL,NULL,1),(2023,134,135,'','2025-02-06 07:54:42',NULL,NULL,NULL,1),(2024,134,135,'','2025-02-06 07:54:42','image/png','http://localhost:3000/uploads/1738828482561.png',106280,1),(2025,134,135,'','2025-02-06 07:56:30','image/png','http://localhost:3000/uploads/1738828590577.png',6600,1),(2026,134,135,'','2025-02-06 07:56:30',NULL,NULL,NULL,1),(2027,135,134,'','2025-02-06 07:57:32','image/png','http://localhost:3000/uploads/1738828652985.png',235692,1),(2028,135,134,'','2025-02-06 07:57:33',NULL,NULL,NULL,1),(2029,134,135,'','2025-02-06 07:58:52','image/png','http://localhost:3000/uploads/1738828732619.png',7827,1),(2030,134,135,'','2025-02-06 07:58:52',NULL,NULL,NULL,1),(2031,135,134,'helo','2025-02-06 07:59:40',NULL,NULL,NULL,1),(2032,135,134,'helo','2025-02-06 07:59:40',NULL,NULL,NULL,1),(2033,135,134,'hello kumar','2025-02-06 08:02:11',NULL,NULL,NULL,1),(2034,135,134,'hello kumar','2025-02-06 08:02:11',NULL,NULL,NULL,1),(2035,135,134,'hello kumar','2025-02-06 08:02:17',NULL,NULL,NULL,1),(2036,135,134,'hello kumar','2025-02-06 08:02:17',NULL,NULL,NULL,1),(2037,135,134,'hello kumar','2025-02-06 08:02:19',NULL,NULL,NULL,1),(2038,135,134,'hello kumar','2025-02-06 08:02:19',NULL,NULL,NULL,1),(2039,134,135,'','2025-02-06 08:02:35','image/png','http://localhost:3000/uploads/1738828955689.png',24369,1),(2040,134,135,'','2025-02-06 08:02:35',NULL,NULL,NULL,1),(2041,135,134,'','2025-02-06 08:02:54','image/png','http://localhost:3000/uploads/1738828974928.png',24369,1),(2042,135,134,'','2025-02-06 08:02:54',NULL,NULL,NULL,1),(2043,134,135,'HELLO DEEPAK','2025-02-06 08:04:03',NULL,NULL,NULL,1),(2044,134,135,'HELLO DEEPAK','2025-02-06 08:04:03',NULL,NULL,NULL,1),(2045,135,134,'YES KUMAR','2025-02-06 08:04:11',NULL,NULL,NULL,1),(2046,135,134,'YES KUMAR','2025-02-06 08:04:11',NULL,NULL,NULL,1),(2047,134,135,'HOW ARE YOU ?','2025-02-06 08:04:27',NULL,NULL,NULL,1),(2048,134,135,'HOW ARE YOU ?','2025-02-06 08:04:27',NULL,NULL,NULL,1),(2049,135,134,'IAM FINE AND YOU?','2025-02-06 08:04:43',NULL,NULL,NULL,1),(2050,135,134,'IAM FINE AND YOU?','2025-02-06 08:04:43',NULL,NULL,NULL,1),(2051,134,135,'THANKS IAM GOOD','2025-02-06 08:04:54',NULL,NULL,NULL,1),(2052,134,135,'THANKS IAM GOOD','2025-02-06 08:04:54',NULL,NULL,NULL,1),(2053,135,134,'.','2025-02-06 08:05:26',NULL,NULL,NULL,1),(2054,135,134,'.','2025-02-06 08:05:26',NULL,NULL,NULL,1),(2055,135,134,'OHHH HELLO KUMAR','2025-02-06 08:05:51',NULL,NULL,NULL,1),(2056,135,134,'OHHH HELLO KUMAR','2025-02-06 08:05:51',NULL,NULL,NULL,1),(2057,134,135,'OK','2025-02-06 08:06:31',NULL,NULL,NULL,1),(2058,134,135,'OK','2025-02-06 08:06:31',NULL,NULL,NULL,1),(2059,134,135,'helo','2025-02-06 10:05:13',NULL,NULL,NULL,1),(2060,134,135,'helo','2025-02-06 10:05:13',NULL,NULL,NULL,1),(2061,135,134,'hello kumar','2025-02-06 10:08:21',NULL,NULL,NULL,1),(2062,135,134,'hello kumar','2025-02-06 10:08:21',NULL,NULL,NULL,1),(2063,134,135,'hello deepak','2025-02-06 10:08:37',NULL,NULL,NULL,1),(2064,134,135,'hello deepak','2025-02-06 10:08:37',NULL,NULL,NULL,1),(2065,135,134,'','2025-02-06 10:08:59','image/png','http://localhost:3000/uploads/1738836539764.png',45493,1),(2066,135,134,'','2025-02-06 10:08:59',NULL,NULL,NULL,1),(2067,134,135,'hello deepak ','2025-02-06 10:28:13',NULL,NULL,NULL,1),(2068,134,135,'hello deepak ','2025-02-06 10:28:13',NULL,NULL,NULL,1),(2069,135,134,'hello kumar','2025-02-06 10:28:22',NULL,NULL,NULL,1),(2070,135,134,'hello kumar','2025-02-06 10:28:22',NULL,NULL,NULL,1),(2075,134,135,'helo','2025-02-06 10:29:20',NULL,NULL,NULL,1),(2076,134,135,'helo','2025-02-06 10:29:20',NULL,NULL,NULL,1),(2077,134,135,'hello ','2025-02-06 10:37:08',NULL,NULL,NULL,1),(2078,134,135,'hello ','2025-02-06 10:37:08',NULL,NULL,NULL,1),(2079,135,134,'hello ','2025-02-06 10:37:14',NULL,NULL,NULL,1),(2080,135,134,'hello ','2025-02-06 10:37:14',NULL,NULL,NULL,1),(2085,134,135,'helo deepak','2025-02-06 10:58:18',NULL,NULL,NULL,1),(2086,134,135,'helo deepak','2025-02-06 10:58:18',NULL,NULL,NULL,1),(2087,135,134,'hello kumar','2025-02-06 10:58:25',NULL,NULL,NULL,1),(2088,135,134,'hello kumar','2025-02-06 10:58:25',NULL,NULL,NULL,1),(2089,134,135,'hello deepak','2025-02-06 10:58:33',NULL,NULL,NULL,1),(2090,134,135,'hello deepak','2025-02-06 10:58:33',NULL,NULL,NULL,1),(2091,135,134,'hello kumar','2025-02-06 10:58:40',NULL,NULL,NULL,1),(2092,135,134,'hello kumar','2025-02-06 10:58:40',NULL,NULL,NULL,1),(2093,134,135,'HELLO','2025-02-07 06:40:21',NULL,NULL,NULL,1),(2094,134,135,'HELLO','2025-02-07 06:40:21',NULL,NULL,NULL,1),(2095,135,134,'HELLO','2025-02-07 06:45:54',NULL,NULL,NULL,1),(2096,135,134,'HELLO','2025-02-07 06:45:54',NULL,NULL,NULL,1),(2097,135,134,'HELLO','2025-02-07 06:45:59',NULL,NULL,NULL,1),(2098,135,134,'HELLO','2025-02-07 06:45:59',NULL,NULL,NULL,1),(2099,135,134,'HELLO','2025-02-07 06:46:04',NULL,NULL,NULL,1),(2100,135,134,'HELLO','2025-02-07 06:46:04',NULL,NULL,NULL,1),(2101,134,135,'HELLO DEEPAK','2025-02-07 06:46:25',NULL,NULL,NULL,1),(2102,134,135,'HELLO DEEPAK','2025-02-07 06:46:25',NULL,NULL,NULL,1),(2103,135,134,'HELLO KUMAR','2025-02-07 06:46:33',NULL,NULL,NULL,1),(2104,135,134,'HELLO KUMAR','2025-02-07 06:46:33',NULL,NULL,NULL,1),(2105,134,135,'HELLO DEEPAK','2025-02-07 06:46:42',NULL,NULL,NULL,1),(2106,134,135,'HELLO DEEPAK','2025-02-07 06:46:42',NULL,NULL,NULL,1),(2107,135,134,'HOW ARE YOU','2025-02-07 06:46:49',NULL,NULL,NULL,1),(2108,135,134,'HOW ARE YOU','2025-02-07 06:46:49',NULL,NULL,NULL,1),(2109,134,141,'HELLO','2025-02-07 10:16:15',NULL,NULL,NULL,0),(2110,134,141,'HELLO','2025-02-07 10:16:15',NULL,NULL,NULL,0),(2111,134,135,'Replying to: HOW ARE YOU','2025-02-07 11:04:22',NULL,NULL,NULL,1),(2112,134,135,'Replying to: HOW ARE YOU','2025-02-07 11:04:22',NULL,NULL,NULL,1),(2113,134,135,'Replying to: HOW ARE YOU hello','2025-02-07 11:04:38',NULL,NULL,NULL,1),(2114,134,135,'Replying to: HOW ARE YOU hello','2025-02-07 11:04:38',NULL,NULL,NULL,1),(2115,134,135,'helo','2025-02-07 11:26:00',NULL,NULL,NULL,1),(2116,134,135,'helo','2025-02-07 11:26:00',NULL,NULL,NULL,1),(2117,134,135,'hy','2025-02-07 12:05:17',NULL,NULL,NULL,1),(2118,134,135,'hy','2025-02-07 12:05:17',NULL,NULL,NULL,1),(2119,135,134,'Hello','2025-02-07 12:07:55',NULL,NULL,NULL,1),(2120,135,134,'Hello','2025-02-07 12:07:55',NULL,NULL,NULL,1),(2121,134,135,'hello','2025-02-07 12:08:06',NULL,NULL,NULL,1),(2122,134,135,'hello','2025-02-07 12:08:06',NULL,NULL,NULL,1),(2123,134,135,'HELLO HOW ARE YOU/?','2025-02-07 12:08:44',NULL,NULL,NULL,1),(2124,134,135,'HELLO HOW ARE YOU/?','2025-02-07 12:08:44',NULL,NULL,NULL,1),(2125,135,134,'HELLO HOW ARE YOU','2025-02-07 12:08:51',NULL,NULL,NULL,1),(2126,135,134,'HELLO HOW ARE YOU','2025-02-07 12:08:51',NULL,NULL,NULL,1),(2127,134,135,'IAM FINE AND YOU ?','2025-02-07 12:08:59',NULL,NULL,NULL,1),(2128,134,135,'IAM FINE AND YOU ?','2025-02-07 12:08:59',NULL,NULL,NULL,1),(2129,134,135,'HYYY','2025-02-07 12:22:31',NULL,NULL,NULL,1),(2130,134,135,'HYYY','2025-02-07 12:22:31',NULL,NULL,NULL,1),(2131,134,135,'hello','2025-02-10 05:56:55',NULL,NULL,NULL,1),(2132,134,135,'hello','2025-02-10 05:56:55',NULL,NULL,NULL,1),(2133,134,135,'hello','2025-02-10 06:35:51',NULL,NULL,NULL,1),(2134,134,135,'hello','2025-02-10 06:35:51',NULL,NULL,NULL,1),(2135,135,134,'heello','2025-02-10 06:35:57',NULL,NULL,NULL,1),(2136,135,134,'heello','2025-02-10 06:35:57',NULL,NULL,NULL,1),(2137,134,135,'hello','2025-02-10 06:36:11',NULL,NULL,NULL,1),(2138,134,135,'hello','2025-02-10 06:36:11',NULL,NULL,NULL,1),(2149,134,135,'hhhhhhhhhhhhhhhhhhhhhhhhhhhhhhhhhhhhhhhhhhhhhhhhhhhhhhhhhhhhhhhhhhhhhhhhhhhhhhhhhhhhhhhhhhhhhhhhhhhhhhhhhhhhhhhhhhhhhhhhhhhhhhhhhhhhhhhhhhhhhhhhhhhhhhhhhhhhhhhhhhhhhhhhhhhhhhhhhhhhhhhhhhhhhhhhhhhhhhhhhhhhhhhhhhhhhhhhhhhhhhhhhhhhhhhhhhhhhhhhhhhhhhhhhhhhhhhhhhhhhhhhhhhhhhhhhhhhhhhhhhhhhhhhhhhhhhhhhhhhhhhhhhhhhhhhhhhhhhhhhhhhhhhhhhhhhhhhhhhhhhhhhhhhhhhhhhhhhhhhhhhhhhhhhhhhhhhhhhhhhhhhhhhhhhhhhhhhhhhhhhhhhhhhhhhhhhhhhhhhhhhhhhhhhhhhhhhhhhhhhhhhhhhhhhhhhhhhhhhhhhhhhhhhhhhhhhhhhhhhhhhhhhhhhh','2025-02-10 09:59:29',NULL,NULL,NULL,1),(2150,134,135,'hhhhhhhhhhhhhhhhhhhhhhhhhhhhhhhhhhhhhhhhhhhhhhhhhhhhhhhhhhhhhhhhhhhhhhhhhhhhhhhhhhhhhhhhhhhhhhhhhhhhhhhhhhhhhhhhhhhhhhhhhhhhhhhhhhhhhhhhhhhhhhhhhhhhhhhhhhhhhhhhhhhhhhhhhhhhhhhhhhhhhhhhhhhhhhhhhhhhhhhhhhhhhhhhhhhhhhhhhhhhhhhhhhhhhhhhhhhhhhhhhhhhhhhhhhhhhhhhhhhhhhhhhhhhhhhhhhhhhhhhhhhhhhhhhhhhhhhhhhhhhhhhhhhhhhhhhhhhhhhhhhhhhhhhhhhhhhhhhhhhhhhhhhhhhhhhhhhhhhhhhhhhhhhhhhhhhhhhhhhhhhhhhhhhhhhhhhhhhhhhhhhhhhhhhhhhhhhhhhhhhhhhhhhhhhhhhhhhhhhhhhhhhhhhhhhhhhhhhhhhhhhhhhhhhhhhhhhhhhhhhhhhhhhhhh','2025-02-10 09:59:29',NULL,NULL,NULL,1),(2151,134,135,'hhhhhhhhhhhhhhhhhhhhhhhhhhhhhhhhhhhhhhhhhhhhhhhhhhhhhhhhhhhhhhhhhhhhhhhhhhhhhhhhhhhhhhhhhhhhhhhhhhhhhhhhhhhhhhhhhhhhhhhhhhhhhhhhhhhhhhhhhhhhhhhhhhhhhhhhhhhhhhhhhhhhhhhhhhhhhhhhhhhhhhhhhhhhhhhhhhhhhhhhhhhhhhhhhhhhhhhhhhhhhhhhhhhhhhhhhhhhhhhhhhhhhhhhhhhhhhhhhhhhhhhhhhhhhhhhhhhhhhhhhhhhhhhhhhhhhhhhhhhhhhhhhhhhhhhhhhhhhhhhhhhhhhhhhhhhhhhhhhhhhhhhhhhhhhhhhhhhhhhhhhhhhhhhhhhhhhhhhhhhhhhhhhhhhhhhhhhhhhhhhhhhhhhhhhhhhhhhhhhhhhhhhhhhhhhhhhhhhhhhhhhhhhhhhhhhhhhhhhhhhhhhhhhhhhhhhhhhhhhhhhhhhhhhhh','2025-02-10 10:07:28',NULL,NULL,NULL,1),(2152,134,135,'hhhhhhhhhhhhhhhhhhhhhhhhhhhhhhhhhhhhhhhhhhhhhhhhhhhhhhhhhhhhhhhhhhhhhhhhhhhhhhhhhhhhhhhhhhhhhhhhhhhhhhhhhhhhhhhhhhhhhhhhhhhhhhhhhhhhhhhhhhhhhhhhhhhhhhhhhhhhhhhhhhhhhhhhhhhhhhhhhhhhhhhhhhhhhhhhhhhhhhhhhhhhhhhhhhhhhhhhhhhhhhhhhhhhhhhhhhhhhhhhhhhhhhhhhhhhhhhhhhhhhhhhhhhhhhhhhhhhhhhhhhhhhhhhhhhhhhhhhhhhhhhhhhhhhhhhhhhhhhhhhhhhhhhhhhhhhhhhhhhhhhhhhhhhhhhhhhhhhhhhhhhhhhhhhhhhhhhhhhhhhhhhhhhhhhhhhhhhhhhhhhhhhhhhhhhhhhhhhhhhhhhhhhhhhhhhhhhhhhhhhhhhhhhhhhhhhhhhhhhhhhhhhhhhhhhhhhhhhhhhhhhhhhhhhh','2025-02-10 10:07:28',NULL,NULL,NULL,1),(2153,134,135,'hhhhhhhhhhhhhhhhhhhhhhhhhhhhhhhhhhhhhhhhhhhhhhhhhhhhhhhhhhhhhhhhhhhhhhhhhhhhhhhhhhhhhhhhhhhhhhhhhhhhhhhhhhhhhhhhhhhhhhhhhhhhhhhhhhhhhhhhhhhhhhhhhhhhhhhhhhhhhhhhhhhhhhhhhhhhhhhhhhhhhhhhhhhhhhhhhhhhhhhhhhhhhhhhhhhhhhhhhhhhhhhhhhhhhhhhhhhhhhhhhhhhhhhhhhhhhhhhhhhhhhhhhhhhhhhhhhhhhhhhhhhhhhhhhhhhhhhhhhhhhhhhhhhhhhhhhhhhhhhhhhhhhhhhhhhhhhhhhhhhhhhhhhhhhhhhhhhhhhhhhhhhhhhhhhhhhhhhhhhhhhhhhhhhhhhhhhhhhhhhhhhhhhhhhhhhhhhhhhhhhhhhhhhhhhhhhhhhhhhhhhhhhhhhhhhhhhhhhhhhhhhhhhhhhhhhhhhhhhhhhhhhhhhhhh','2025-02-10 10:13:00',NULL,NULL,NULL,1),(2154,134,135,'hhhhhhhhhhhhhhhhhhhhhhhhhhhhhhhhhhhhhhhhhhhhhhhhhhhhhhhhhhhhhhhhhhhhhhhhhhhhhhhhhhhhhhhhhhhhhhhhhhhhhhhhhhhhhhhhhhhhhhhhhhhhhhhhhhhhhhhhhhhhhhhhhhhhhhhhhhhhhhhhhhhhhhhhhhhhhhhhhhhhhhhhhhhhhhhhhhhhhhhhhhhhhhhhhhhhhhhhhhhhhhhhhhhhhhhhhhhhhhhhhhhhhhhhhhhhhhhhhhhhhhhhhhhhhhhhhhhhhhhhhhhhhhhhhhhhhhhhhhhhhhhhhhhhhhhhhhhhhhhhhhhhhhhhhhhhhhhhhhhhhhhhhhhhhhhhhhhhhhhhhhhhhhhhhhhhhhhhhhhhhhhhhhhhhhhhhhhhhhhhhhhhhhhhhhhhhhhhhhhhhhhhhhhhhhhhhhhhhhhhhhhhhhhhhhhhhhhhhhhhhhhhhhhhhhhhhhhhhhhhhhhhhhhhhh','2025-02-10 10:13:00',NULL,NULL,NULL,1),(2155,134,135,'hello ','2025-02-10 10:20:52',NULL,NULL,NULL,1),(2156,134,135,'hello ','2025-02-10 10:20:52',NULL,NULL,NULL,1),(2157,134,135,'Hello ','2025-02-10 10:23:58',NULL,NULL,NULL,1),(2158,134,135,'Hello ','2025-02-10 10:23:58',NULL,NULL,NULL,1),(2159,134,135,'hhhhhhhhhhhhhhhhhhhhhhhhhhhhhhhhhhhhhhhhhhhhhhhhhhhhhhhhhhhhhhhhhhhhhhhhhhhhhhhhhhhhhhhhhhhhhhhhhhhhhhhhhhhhhhhhhhhhhhhhhhhhhhhhhhhhhhhhhhhhhhhhhhhhhhhhhhhhhhhhhhhhhhhhhhhhhhhhhhhhhhhhhhhhhhhhhhhhhhhhhhhhhhhhhhhhhhhhhhhhhhhhhhhhhhhhhhhhhhhhhhhhhhhhhhhhhhhhhhhhhhhhhhhhhhhhhhhhhhhhhhhhhhhhhhhhhhhhhhhhhhhhhhhhhhhhhhhhhhhhhhhhhhhhhhhhhhhhhhhhhhhhhhhhhhhhhhhhhhhhhhhhhhhhhhhhhhhhhhhhhhhhhhhhhhhhhhhhhhhhhhhhhhhhhhhhhhhhhhhhhhhhhhhhhhhhhhhhhhhhhhhhhhhhhhhhhhhhhhhhhhhhhhhhhhhhhhhhhhhhhhhhhhhhhh','2025-02-10 11:47:44',NULL,NULL,NULL,1),(2160,134,135,'hhhhhhhhhhhhhhhhhhhhhhhhhhhhhhhhhhhhhhhhhhhhhhhhhhhhhhhhhhhhhhhhhhhhhhhhhhhhhhhhhhhhhhhhhhhhhhhhhhhhhhhhhhhhhhhhhhhhhhhhhhhhhhhhhhhhhhhhhhhhhhhhhhhhhhhhhhhhhhhhhhhhhhhhhhhhhhhhhhhhhhhhhhhhhhhhhhhhhhhhhhhhhhhhhhhhhhhhhhhhhhhhhhhhhhhhhhhhhhhhhhhhhhhhhhhhhhhhhhhhhhhhhhhhhhhhhhhhhhhhhhhhhhhhhhhhhhhhhhhhhhhhhhhhhhhhhhhhhhhhhhhhhhhhhhhhhhhhhhhhhhhhhhhhhhhhhhhhhhhhhhhhhhhhhhhhhhhhhhhhhhhhhhhhhhhhhhhhhhhhhhhhhhhhhhhhhhhhhhhhhhhhhhhhhhhhhhhhhhhhhhhhhhhhhhhhhhhhhhhhhhhhhhhhhhhhhhhhhhhhhhhhhhhhhh','2025-02-10 11:47:44',NULL,NULL,NULL,1),(2161,134,135,'HELLO ','2025-02-10 11:47:54',NULL,NULL,NULL,1),(2162,134,135,'HELLO ','2025-02-10 11:47:54',NULL,NULL,NULL,1),(2163,134,135,' 05:17 PM hhhhhhhhhhhhhhhhhhhhhhhhhhhhhhhhhhhhhhhhhhhhhhhhhhhhhhhhhhhhhhhhhhhhhhhhhhhhhhhhhhhhhhhhhhhhhhhhhhhhhhhhhhhhhhhhhhhhhhhhhhhhhhhhhhhhhhhhhhhhhhhhhhhhhhhhhhhhhhhhhhhhhhhhhhhhhhhhhhhhhhhhhhhhhhhhhhhhhhhhhhhhhhhhhhhhhhhhhhhhhhhhhhhhhhhhhhhhhhhhhhhhhhhhhhhhhhhhhhhhhhhhhhhhhhhhhhhhhhhhhhhhhhhhhhhhhhhhhhhhhhhhhhhhhhhhhhhhhhhhhhhhhhhhhhhhhhhhhhhhhhhhhhhhhhhhhhhhhhhhhhhhhhhhhhhhhhhhhhhhhhhhhhhhhhhhhhhhhhhhhhhhhhhhhhhhhhhhhhhhhhhhhhhhhhhhhhhhhhhhhhhhhhhhhhhhhhhhhhhhhhhhhhhhhhhhhhhhhhhhhhhhhhhhhh','2025-02-10 11:50:50',NULL,NULL,NULL,1),(2164,134,135,' 05:17 PM hhhhhhhhhhhhhhhhhhhhhhhhhhhhhhhhhhhhhhhhhhhhhhhhhhhhhhhhhhhhhhhhhhhhhhhhhhhhhhhhhhhhhhhhhhhhhhhhhhhhhhhhhhhhhhhhhhhhhhhhhhhhhhhhhhhhhhhhhhhhhhhhhhhhhhhhhhhhhhhhhhhhhhhhhhhhhhhhhhhhhhhhhhhhhhhhhhhhhhhhhhhhhhhhhhhhhhhhhhhhhhhhhhhhhhhhhhhhhhhhhhhhhhhhhhhhhhhhhhhhhhhhhhhhhhhhhhhhhhhhhhhhhhhhhhhhhhhhhhhhhhhhhhhhhhhhhhhhhhhhhhhhhhhhhhhhhhhhhhhhhhhhhhhhhhhhhhhhhhhhhhhhhhhhhhhhhhhhhhhhhhhhhhhhhhhhhhhhhhhhhhhhhhhhhhhhhhhhhhhhhhhhhhhhhhhhhhhhhhhhhhhhhhhhhhhhhhhhhhhhhhhhhhhhhhhhhhhhhhhhhhhhhhhhhh','2025-02-10 11:50:50',NULL,NULL,NULL,1),(2165,134,135,'hy','2025-02-10 11:50:58',NULL,NULL,NULL,1),(2166,134,135,'hy','2025-02-10 11:50:58',NULL,NULL,NULL,1),(2167,135,134,'Hello How are you ?','2025-02-10 12:01:53',NULL,NULL,NULL,1),(2168,135,134,'Hello How are you ?','2025-02-10 12:01:53',NULL,NULL,NULL,1),(2169,134,135,'hello how are you ?????????','2025-02-10 12:02:10',NULL,NULL,NULL,1),(2170,134,135,'hello how are you ?????????','2025-02-10 12:02:10',NULL,NULL,NULL,1),(2171,135,134,'kumaar','2025-02-10 12:02:21',NULL,NULL,NULL,1),(2172,135,134,'kumaar','2025-02-10 12:02:21',NULL,NULL,NULL,1),(2173,134,135,'helo','2025-02-11 06:04:25',NULL,NULL,NULL,1),(2174,134,135,'helo','2025-02-11 06:04:25',NULL,NULL,NULL,1),(2175,134,135,'helo hello sir  helooooooo   heloo heloo','2025-02-11 06:07:28',NULL,NULL,NULL,1),(2176,134,135,'helo hello sir  helooooooo   heloo heloo','2025-02-11 06:07:28',NULL,NULL,NULL,1),(2177,134,135,'HELLO','2025-02-11 06:07:37',NULL,NULL,NULL,1),(2178,134,135,'HELLO','2025-02-11 06:07:37',NULL,NULL,NULL,1),(2179,134,135,'hello\nhello\nhello','2025-02-11 06:16:17',NULL,NULL,NULL,1),(2180,134,135,'hello\nhello\nhello','2025-02-11 06:16:17',NULL,NULL,NULL,1),(2181,134,135,'hhhhhhhhhhhhhhhhhhhhhhhhhhhhhhhhhhhhhhhhhhhhhhhhhhhhhhhhhhhhhhhhhhhhhhhhhhhhhhhhhhhhhhhhhhhhhhhhhhhhhhhhhhhhhhhhhhhhhhhhhhhhhhhhhhhhhhhhhhhhhhhhhhhhhhhhhhhhhhhhhhhhhhhhhhhhhhhhhhhhhhhhhhhhhhhhhhhhhhhhhhhhhhhhhhhhhhhhhhhhhhhhhhhhhhhhhhhhhhhhhhhhhhhhhhhhhhhhhhhhhhhhhhhhhhhhhhhhhhhhhhhhhhhhhhhhhhhhhhhhhhhhhhhhhhhhhhhhhhhhhhhhhhhhhhhhhhhhhhhhhhhhhhhhhhhhhhhhhhhhhhhhhhhhhhhhhhhhhhhhhhhhhhhhhhhhhhhhhhhhhhhhhhhhhhhhhhhhhhhhhhhhhhhhhhhhhhhhhhhhhhhhhhhhhhhhhhhhhhhhhhhhhhhhhhhhhhhhhhhhhhhhhhhhhhhhhhhhhhhhhhhhhhhhhhhhhhhhhhhhhhhhhhhhhhhhhhhhhhhhhhhhhhhhhhhhhhhhhhhhhhhhhhhhhhhhhhhhhhhhhhhhhhhhhhhhhhhhhhhhhhhhhhhhhhhhhhhhhhhhhhhhhhhhhhhhhhhhhhhhhhhhhhhhhhhhhhhhhhhhhhhhhhhhhhhhhhhhhhhhhhhhhhhhhhhhhhhhhhhhhhhhhhhhhhhhhhhhhhhhhhhhhhhhhhhhhhhhhhhhhhhhhhhhhhhhhhhhhhhhhhhhhhhhhhhhhhhhhhhhhhhhhhhhhhhhhhhhhhhhhhhhhhhhhhhhhhhhhhhhhhhhhhhhhhhhhhhhhhhhhhhhhhhhhhhhhhhhhhhhhhhhhhhhhhhhhhhhhhhhhhhhhhhhhhhhhhhhhhhhhhhhhhhhhhhhhhhhhhhhhhhhhhhhhhhhhhhhhhhhhhhhhhhhhhhhhhhhhhhhhhhhhhhhhhhhhhhhhhhhhhhhhhhhhhhhhhhhhhhhhhhhhhhhhhhhhhhhhhhhhhhhhhhhhhhhhhhhhhhhhhhhhhhhhhhhhhhhhhhhhhhhhhhhhhhhhhhhhhhhhhhhhhhhhhhhhhhhhhhhhhhhhhhhhhhhhhhhhhhhhhhhhhhhhhhhhhhhhhhhhhhhhhhhhhhhhhhhhhhhhhhhhhhhhhhhhhhhhhhhhhhhhhhhhhhhhhhhhhhhhhhhhhhhhhhhhhhhhhhhhhhhhhhhhhhhhhhhhhhhhhhhhhhhhhhhhhhhhhhhhhhhhhhhhhhhhhhhhhhhhhhhhhhhhhhhhhhhhhhhhhhhhhhhhhhhhhhhhhhhhhhhhhhhhhhhhhhhhhhhhhhhhhhhhhhhhhhhhhhhhhhhhhhhhhhhhhhhhhhhhhhhhhhhhhhhhhhhhhhhhhhhhhhhhhhhhhhhhhhhhhhhhhhhhhhhhhhhhhhhhhhhhhhhhhhhhhhhhhhhhhhhhhhhhhhhhhhhhhhhhhhhhhhhhhhhhhhhhhhhhhhhhhhhhhhhhhhhhhhhhhhhhhhhhhhhhhhhhhhhhhhhhhhhhhhhhhhhhhhhhhhhhhhhhhhhhhhhhhhhhhhhhhhhhhhhhhhhhhhhhhhhhhhhhhhhhhhhhhhhhhhhhhhhhhhhhhhhhhhhhhhhhhhhhhhhhhhhhhhhhhhhhhhhhhhhhhhhhhhhhhhhhhhhhhhhhhhhhhhhhhhhhhhhhhhhhhhhhhhhhhhhhhhhhhhhhhhhhhhhhhhhhhhhhhhhhhhhhhhhhhhhhhhhhhhhhhhhhhhhhhhhhhhhhhhhhhhhhhhhhhhhhhhhhhhhhhhhhhhhhhhhhhhhhhhhhhhhhhhhhhhhhhhhhhhhhhhhhhhhhhhhhhhhhhhhhhhhhhhhhhhhhhhhhhhhhhhhhhhhhhhhhhhhhhhhhhhhhhhhhhhhhhhhhhhhhhhhhhhhhhhhhhhhhhhhhhhhhhhh','2025-02-11 06:19:37',NULL,NULL,NULL,1),(2182,134,135,'hhhhhhhhhhhhhhhhhhhhhhhhhhhhhhhhhhhhhhhhhhhhhhhhhhhhhhhhhhhhhhhhhhhhhhhhhhhhhhhhhhhhhhhhhhhhhhhhhhhhhhhhhhhhhhhhhhhhhhhhhhhhhhhhhhhhhhhhhhhhhhhhhhhhhhhhhhhhhhhhhhhhhhhhhhhhhhhhhhhhhhhhhhhhhhhhhhhhhhhhhhhhhhhhhhhhhhhhhhhhhhhhhhhhhhhhhhhhhhhhhhhhhhhhhhhhhhhhhhhhhhhhhhhhhhhhhhhhhhhhhhhhhhhhhhhhhhhhhhhhhhhhhhhhhhhhhhhhhhhhhhhhhhhhhhhhhhhhhhhhhhhhhhhhhhhhhhhhhhhhhhhhhhhhhhhhhhhhhhhhhhhhhhhhhhhhhhhhhhhhhhhhhhhhhhhhhhhhhhhhhhhhhhhhhhhhhhhhhhhhhhhhhhhhhhhhhhhhhhhhhhhhhhhhhhhhhhhhhhhhhhhhhhhhhhhhhhhhhhhhhhhhhhhhhhhhhhhhhhhhhhhhhhhhhhhhhhhhhhhhhhhhhhhhhhhhhhhhhhhhhhhhhhhhhhhhhhhhhhhhhhhhhhhhhhhhhhhhhhhhhhhhhhhhhhhhhhhhhhhhhhhhhhhhhhhhhhhhhhhhhhhhhhhhhhhhhhhhhhhhhhhhhhhhhhhhhhhhhhhhhhhhhhhhhhhhhhhhhhhhhhhhhhhhhhhhhhhhhhhhhhhhhhhhhhhhhhhhhhhhhhhhhhhhhhhhhhhhhhhhhhhhhhhhhhhhhhhhhhhhhhhhhhhhhhhhhhhhhhhhhhhhhhhhhhhhhhhhhhhhhhhhhhhhhhhhhhhhhhhhhhhhhhhhhhhhhhhhhhhhhhhhhhhhhhhhhhhhhhhhhhhhhhhhhhhhhhhhhhhhhhhhhhhhhhhhhhhhhhhhhhhhhhhhhhhhhhhhhhhhhhhhhhhhhhhhhhhhhhhhhhhhhhhhhhhhhhhhhhhhhhhhhhhhhhhhhhhhhhhhhhhhhhhhhhhhhhhhhhhhhhhhhhhhhhhhhhhhhhhhhhhhhhhhhhhhhhhhhhhhhhhhhhhhhhhhhhhhhhhhhhhhhhhhhhhhhhhhhhhhhhhhhhhhhhhhhhhhhhhhhhhhhhhhhhhhhhhhhhhhhhhhhhhhhhhhhhhhhhhhhhhhhhhhhhhhhhhhhhhhhhhhhhhhhhhhhhhhhhhhhhhhhhhhhhhhhhhhhhhhhhhhhhhhhhhhhhhhhhhhhhhhhhhhhhhhhhhhhhhhhhhhhhhhhhhhhhhhhhhhhhhhhhhhhhhhhhhhhhhhhhhhhhhhhhhhhhhhhhhhhhhhhhhhhhhhhhhhhhhhhhhhhhhhhhhhhhhhhhhhhhhhhhhhhhhhhhhhhhhhhhhhhhhhhhhhhhhhhhhhhhhhhhhhhhhhhhhhhhhhhhhhhhhhhhhhhhhhhhhhhhhhhhhhhhhhhhhhhhhhhhhhhhhhhhhhhhhhhhhhhhhhhhhhhhhhhhhhhhhhhhhhhhhhhhhhhhhhhhhhhhhhhhhhhhhhhhhhhhhhhhhhhhhhhhhhhhhhhhhhhhhhhhhhhhhhhhhhhhhhhhhhhhhhhhhhhhhhhhhhhhhhhhhhhhhhhhhhhhhhhhhhhhhhhhhhhhhhhhhhhhhhhhhhhhhhhhhhhhhhhhhhhhhhhhhhhhhhhhhhhhhhhhhhhhhhhhhhhhhhhhhhhhhhhhhhhhhhhhhhhhhhhhhhhhhhhhhhhhhhhhhhhhhhhhhhhhhhhhhhhhhhhhhhhhhhhhhhhhhhhhhhhhhhhhhhhhhhhhhhhhhhhhhhhhhhhhhhhhhhhhhhhhhhhhhhhhhhhhhhhhhhhhhhhhhhhhhhhhhhhhhhhhhhhhhhhhhhhhhhhhhhhhhhhhhhhhhhhhhhhhhhhhhhhhhhhhhhhhhhhhhhhhhhhhhhhhhhhhhhhhhhhhhhhhhhhhhhhhhh','2025-02-11 06:19:37',NULL,NULL,NULL,1),(2183,134,135,'HELLO \nHELLO','2025-02-11 06:19:49',NULL,NULL,NULL,1),(2184,134,135,'HELLO \nHELLO','2025-02-11 06:19:49',NULL,NULL,NULL,1),(2185,135,134,'HELLO \nhow are you ?','2025-02-11 06:20:48',NULL,NULL,NULL,1),(2186,135,134,'HELLO \nhow are you ?','2025-02-11 06:20:48',NULL,NULL,NULL,1),(2187,134,135,'HELLO \nhow are you ?','2025-02-11 06:20:53',NULL,NULL,NULL,1),(2188,134,135,'HELLO \nhow are you ?','2025-02-11 06:20:53',NULL,NULL,NULL,1),(2189,135,134,'HELLO \nhow are you ?','2025-02-11 06:20:56',NULL,NULL,NULL,1),(2190,135,134,'HELLO \nhow are you ?','2025-02-11 06:20:57',NULL,NULL,NULL,1),(2191,134,135,'HELLO \nhow are you ?','2025-02-11 06:21:00',NULL,NULL,NULL,1),(2192,134,135,'HELLO \nhow are you ?','2025-02-11 06:21:00',NULL,NULL,NULL,1),(2193,134,135,'','2025-02-11 06:21:26','image/png','http://localhost:3000/uploads/1739254886825.png',24369,1),(2194,134,135,'','2025-02-11 06:21:26',NULL,NULL,NULL,1),(2195,134,135,'HELLO \nhow are you ?','2025-02-11 06:21:36',NULL,NULL,NULL,1),(2196,134,135,'HELLO \nhow are you ?','2025-02-11 06:21:36',NULL,NULL,NULL,1),(2197,135,134,'HELLO \nhow are you ?','2025-02-11 06:21:39',NULL,NULL,NULL,1),(2198,135,134,'HELLO \nhow are you ?','2025-02-11 06:21:39',NULL,NULL,NULL,1),(2199,134,135,'HELLO \nhow are you ?','2025-02-11 06:21:42',NULL,NULL,NULL,1),(2200,134,135,'HELLO \nhow are you ?','2025-02-11 06:21:42',NULL,NULL,NULL,1),(2201,135,134,'HELLO \nhow are you ?','2025-02-11 06:21:47',NULL,NULL,NULL,1),(2202,135,134,'HELLO \nhow are you ?','2025-02-11 06:21:47',NULL,NULL,NULL,1),(2203,134,135,'hello \nhello\nhello','2025-02-11 07:02:04',NULL,NULL,NULL,1),(2204,134,135,'hello \nhello\nhello','2025-02-11 07:02:04',NULL,NULL,NULL,1),(2205,137,142,'hello \nmadhu ','2025-02-11 10:03:08',NULL,NULL,NULL,0),(2206,137,142,'hello \nmadhu ','2025-02-11 10:03:08',NULL,NULL,NULL,0),(2207,134,135,'','2025-02-11 10:15:38','image/png','http://localhost:3000/uploads/1739268938786.png',14716,1),(2208,134,135,'','2025-02-11 10:15:38',NULL,NULL,NULL,1),(2209,134,135,'HELO\nHelo','2025-02-11 10:21:58',NULL,NULL,NULL,1),(2210,134,135,'HELO\nHelo','2025-02-11 10:21:58',NULL,NULL,NULL,1),(2212,134,135,'hyyy\nHYY\nHHY\n','2025-02-11 10:27:41',NULL,NULL,NULL,1),(2213,135,134,'HELLO','2025-02-11 13:20:09',NULL,NULL,NULL,1),(2214,135,134,'HELLO','2025-02-11 13:20:09',NULL,NULL,NULL,1),(2215,135,134,'HELLO','2025-02-11 13:20:12',NULL,NULL,NULL,1),(2216,135,134,'HELLO','2025-02-11 13:20:12',NULL,NULL,NULL,1),(2217,134,135,'HELLO','2025-02-11 13:20:19',NULL,NULL,NULL,1),(2218,134,135,'HELLO','2025-02-11 13:20:19',NULL,NULL,NULL,1),(2219,134,135,'HELLO','2025-02-11 13:20:21',NULL,NULL,NULL,1),(2220,134,135,'HELLO','2025-02-11 13:20:21',NULL,NULL,NULL,1),(2221,134,135,'hdjsgd\nnjh\njihiuh\n\n\njhjdhgs','2025-02-12 05:04:51',NULL,NULL,NULL,1),(2222,134,135,'hdjsgd\nnjh\njihiuh\n\n\njhjdhgs','2025-02-12 05:04:51',NULL,NULL,NULL,1),(2223,135,134,'HELLO \nHOW ARE YOU ','2025-02-12 05:54:47',NULL,NULL,NULL,1),(2224,135,134,'HELLO \nHOW ARE YOU ','2025-02-12 05:54:47',NULL,NULL,NULL,1),(2225,134,135,'HELLO \nHOW ARE YOU ','2025-02-12 05:54:52',NULL,NULL,NULL,1),(2226,134,135,'HELLO \nHOW ARE YOU ','2025-02-12 05:54:52',NULL,NULL,NULL,1),(2227,135,134,'HELLO \nHOW ARE YOU ','2025-02-12 05:54:56',NULL,NULL,NULL,1),(2228,135,134,'HELLO \nHOW ARE YOU ','2025-02-12 05:54:56',NULL,NULL,NULL,1),(2229,134,135,'HELLO \nHOW ARE YOU ','2025-02-12 05:55:00',NULL,NULL,NULL,1),(2230,134,135,'HELLO \nHOW ARE YOU ','2025-02-12 05:55:00',NULL,NULL,NULL,1),(2231,134,135,'hy','2025-02-12 06:42:19',NULL,NULL,NULL,1),(2232,134,135,'hy','2025-02-12 06:42:19',NULL,NULL,NULL,1),(2233,134,135,'hy','2025-02-12 06:46:06',NULL,NULL,NULL,1),(2234,134,135,'hy','2025-02-12 06:46:06',NULL,NULL,NULL,1),(2235,134,135,'Replying to: hy helo','2025-02-12 07:13:39',NULL,NULL,NULL,1),(2236,134,135,'Replying to: hy helo','2025-02-12 07:13:40',NULL,NULL,NULL,1),(2237,134,135,'hy','2025-02-12 08:19:17',NULL,NULL,NULL,1),(2238,134,135,'hy','2025-02-12 08:19:17',NULL,NULL,NULL,1),(2239,134,135,'HEllo','2025-02-12 09:40:38',NULL,NULL,NULL,1),(2240,134,135,'HEllo','2025-02-12 09:40:38',NULL,NULL,NULL,1),(2241,135,134,'ok','2025-02-12 09:41:45',NULL,NULL,NULL,1),(2242,135,134,'ok','2025-02-12 09:41:45',NULL,NULL,NULL,1),(2243,134,135,'hello','2025-02-12 09:53:04',NULL,NULL,NULL,1),(2244,134,135,'hello','2025-02-12 09:53:04',NULL,NULL,NULL,1),(2245,134,135,'hy','2025-02-12 09:53:45',NULL,NULL,NULL,1),(2246,134,135,'hy','2025-02-12 09:53:45',NULL,NULL,NULL,1),(2247,134,135,'ok','2025-02-12 09:57:39',NULL,NULL,NULL,1),(2248,134,135,'ok','2025-02-12 09:57:39',NULL,NULL,NULL,1),(2249,134,135,'HELLO HOW ARE YOU?','2025-02-12 10:07:25',NULL,NULL,NULL,1),(2250,134,135,'HELLO HOW ARE YOU?','2025-02-12 10:07:25',NULL,NULL,NULL,1),(2251,135,134,'HOW ARE YOU?','2025-02-12 10:07:42',NULL,NULL,NULL,1),(2252,135,134,'HOW ARE YOU?','2025-02-12 10:07:42',NULL,NULL,NULL,1),(2253,134,135,'HOW ARE YOU?','2025-02-12 10:07:44',NULL,NULL,NULL,1),(2254,134,135,'HOW ARE YOU?','2025-02-12 10:07:44',NULL,NULL,NULL,1),(2255,135,134,'HOW ARE YOU?','2025-02-12 10:07:47',NULL,NULL,NULL,1),(2256,135,134,'HOW ARE YOU?','2025-02-12 10:07:47',NULL,NULL,NULL,1),(2257,134,135,'HOW ARE YOU?','2025-02-12 10:07:49',NULL,NULL,NULL,1),(2258,134,135,'HOW ARE YOU?','2025-02-12 10:07:49',NULL,NULL,NULL,1),(2259,135,134,'HOW ARE YOU?','2025-02-12 10:07:53',NULL,NULL,NULL,1),(2260,135,134,'HOW ARE YOU?','2025-02-12 10:07:53',NULL,NULL,NULL,1),(2261,134,135,'','2025-02-12 12:48:18','image/png','http://localhost:3000/uploads/1739364498501.png',24369,1),(2262,134,135,'','2025-02-12 12:48:18',NULL,NULL,NULL,1),(2263,135,134,'','2025-02-12 12:48:55','image/png','http://localhost:3000/uploads/1739364535283.png',24369,1),(2264,135,134,'','2025-02-12 12:48:55',NULL,NULL,NULL,1),(2265,134,135,'HOW ARE YOU?','2025-02-12 12:49:15',NULL,NULL,NULL,1),(2266,134,135,'HOW ARE YOU?','2025-02-12 12:49:15',NULL,NULL,NULL,1),(2267,135,134,'HOW ARE YOU?','2025-02-12 12:49:21',NULL,NULL,NULL,1),(2268,135,134,'HOW ARE YOU?','2025-02-12 12:49:21',NULL,NULL,NULL,1),(2269,134,135,'HOW ARE YOU?','2025-02-12 12:49:26',NULL,NULL,NULL,1),(2270,134,135,'HOW ARE YOU?','2025-02-12 12:49:26',NULL,NULL,NULL,1),(2271,135,134,'HOW ARE YOU?','2025-02-12 12:49:29',NULL,NULL,NULL,1),(2272,135,134,'HOW ARE YOU?','2025-02-12 12:49:29',NULL,NULL,NULL,1),(2273,134,135,'Hello','2025-02-13 06:15:34',NULL,NULL,NULL,1),(2274,134,135,'Hello','2025-02-13 06:15:34',NULL,NULL,NULL,1),(2275,147,147,'Hello','2025-02-13 08:14:55',NULL,NULL,NULL,0),(2276,147,147,'Hello','2025-02-13 08:14:55',NULL,NULL,NULL,0),(2277,147,146,'Hello ','2025-02-13 08:16:47',NULL,NULL,NULL,0),(2278,147,146,'Hello ','2025-02-13 08:16:47',NULL,NULL,NULL,0),(2279,146,147,'HELLO \nhow are you?','2025-02-13 10:17:07',NULL,NULL,NULL,0),(2280,146,147,'HELLO \nhow are you?','2025-02-13 10:17:07',NULL,NULL,NULL,0),(2281,147,146,'HELLO','2025-02-13 10:18:55',NULL,NULL,NULL,0),(2282,147,146,'HELLO','2025-02-13 10:18:55',NULL,NULL,NULL,0),(2283,147,146,'','2025-02-13 10:34:12','image/png','http://localhost:3000/uploads/1739442852801.png',24369,0),(2284,147,146,'','2025-02-13 10:34:12',NULL,NULL,NULL,0),(2285,147,146,'helo','2025-02-13 10:55:05',NULL,NULL,NULL,0),(2286,147,146,'helo','2025-02-13 10:55:05',NULL,NULL,NULL,0),(2287,146,147,'helo','2025-02-13 10:55:09',NULL,NULL,NULL,0),(2288,146,147,'helo','2025-02-13 10:55:09',NULL,NULL,NULL,0),(2289,146,147,'helo','2025-02-13 11:08:02',NULL,NULL,NULL,0),(2290,146,147,'helo','2025-02-13 11:08:02',NULL,NULL,NULL,0),(2291,147,148,'HELLO SIR','2025-02-13 11:11:24',NULL,NULL,NULL,0),(2292,147,148,'HELLO SIR','2025-02-13 11:11:24',NULL,NULL,NULL,0),(2293,147,146,'helo','2025-02-13 11:19:45',NULL,NULL,NULL,0),(2294,147,146,'helo','2025-02-13 11:19:45',NULL,NULL,NULL,0),(2295,146,147,'hy','2025-02-13 11:21:43',NULL,NULL,NULL,0),(2296,146,147,'hy','2025-02-13 11:21:43',NULL,NULL,NULL,0),(2297,147,146,'HELLO HOW ARE YOU ','2025-02-13 11:22:07',NULL,NULL,NULL,0),(2298,147,146,'HELLO HOW ARE YOU ','2025-02-13 11:22:07',NULL,NULL,NULL,0),(2301,147,146,'HELLO HOW ARE YOU\n\n','2025-02-13 11:24:16',NULL,NULL,NULL,0),(2302,147,146,'HELLO HOW ARE YOU\n\n','2025-02-13 11:24:16',NULL,NULL,NULL,0),(2303,134,135,'helo ','2025-02-13 11:44:43',NULL,NULL,NULL,1),(2304,134,135,'helo ','2025-02-13 11:44:43',NULL,NULL,NULL,1),(2305,135,134,'hello','2025-02-13 11:44:57',NULL,NULL,NULL,1),(2306,135,134,'hello','2025-02-13 11:44:57',NULL,NULL,NULL,1),(2307,134,135,'HELLO DEEPAK.\nHOW ARE YOU ?','2025-02-13 12:46:28',NULL,NULL,NULL,1),(2308,134,135,'HELLO DEEPAK.\nHOW ARE YOU ?','2025-02-13 12:46:28',NULL,NULL,NULL,1),(2309,135,134,'','2025-02-13 12:46:48','image/png','http://localhost:3000/uploads/1739450808164.png',24369,1),(2310,135,134,'','2025-02-13 12:46:48',NULL,NULL,NULL,1),(2311,134,135,'','2025-02-13 12:46:57','image/png','http://localhost:3000/uploads/1739450817189.png',24369,1),(2312,134,135,'','2025-02-13 12:46:57',NULL,NULL,NULL,1),(2313,135,134,'HELLO','2025-02-13 12:47:17',NULL,NULL,NULL,1),(2314,135,134,'HELLO','2025-02-13 12:47:17',NULL,NULL,NULL,1),(2315,134,135,'HELLO','2025-02-13 12:47:25',NULL,NULL,NULL,1),(2316,134,135,'HELLO','2025-02-13 12:47:25',NULL,NULL,NULL,1),(2345,147,146,'HELLO HOW ARE YOU io','2025-02-16 09:10:42',NULL,NULL,NULL,0),(2346,147,146,'HELLO HOW ARE YOU io','2025-02-16 09:10:42',NULL,NULL,NULL,0),(2381,135,134,'helo','2025-02-17 08:14:35',NULL,NULL,NULL,1),(2382,135,134,'helo','2025-02-17 08:14:35',NULL,NULL,NULL,1),(2425,134,135,'heloo','2025-02-18 04:52:14',NULL,NULL,NULL,1),(2426,134,135,'heloo','2025-02-18 04:52:14',NULL,NULL,NULL,1),(2427,135,134,'HWLO ','2025-02-18 04:53:15',NULL,NULL,NULL,1),(2428,135,134,'HWLO ','2025-02-18 04:53:15',NULL,NULL,NULL,1),(2429,135,134,'helo \nhow are you?','2025-02-18 04:53:29',NULL,NULL,NULL,1),(2430,135,134,'helo \nhow are you?','2025-02-18 04:53:29',NULL,NULL,NULL,1),(2431,134,135,'helo \nhow are you?','2025-02-18 04:53:39',NULL,NULL,NULL,1),(2432,134,135,'helo \nhow are you?','2025-02-18 04:53:39',NULL,NULL,NULL,1),(2435,135,134,'helo \nhow are you?hyy','2025-02-18 04:54:44',NULL,NULL,NULL,1),(2436,135,134,'helo \nhow are you?new ','2025-02-18 04:54:44',NULL,NULL,NULL,1),(2455,134,135,'hello ','2025-02-18 06:15:13',NULL,NULL,NULL,1),(2456,134,135,'hello ','2025-02-18 06:15:13',NULL,NULL,NULL,1),(2457,134,135,'hello hhhgggg','2025-02-18 06:15:19',NULL,NULL,NULL,1),(2458,134,135,'hello hhh new','2025-02-18 06:15:19',NULL,NULL,NULL,1),(2459,135,134,'hello ','2025-02-18 06:19:51',NULL,NULL,NULL,1),(2460,135,134,'hello ','2025-02-18 06:19:51',NULL,NULL,NULL,1),(2461,135,134,'hello new edit','2025-02-18 06:19:59',NULL,NULL,NULL,1),(2462,135,134,'hello new edit','2025-02-18 06:19:59',NULL,NULL,NULL,1),(2463,135,134,'hello new ','2025-02-18 06:20:14',NULL,NULL,NULL,1),(2464,135,134,'hello new ','2025-02-18 06:20:14',NULL,NULL,NULL,1),(2465,135,134,'hello newhhhhghghgh','2025-02-18 06:21:29',NULL,NULL,NULL,1),(2466,135,134,'hello newhhh','2025-02-18 06:21:29',NULL,NULL,NULL,1),(2467,134,135,'heelo tushar kumar','2025-02-18 06:25:48',NULL,NULL,NULL,1),(2468,134,135,'heelo tushar edit','2025-02-18 06:25:48',NULL,NULL,NULL,1),(2471,135,134,'heelo tushar','2025-02-18 06:42:26',NULL,NULL,NULL,1),(2472,135,134,'heelo tushar','2025-02-18 06:42:26',NULL,NULL,NULL,1),(2473,135,134,'heelo tushar kumar','2025-02-18 06:42:46',NULL,NULL,NULL,1),(2474,135,134,'heelo tushar kumar','2025-02-18 06:42:46',NULL,NULL,NULL,1),(2491,134,135,'heelo tushar ','2025-02-18 07:56:33',NULL,NULL,NULL,1),(2492,134,135,'heelo tushar ','2025-02-18 07:56:33',NULL,NULL,NULL,1),(2493,134,135,'heelo tushariiihh','2025-02-18 07:56:43',NULL,NULL,NULL,1),(2494,134,135,'heelo tushariiinew','2025-02-18 07:56:43',NULL,NULL,NULL,1),(2495,135,134,'helo ','2025-02-18 08:03:17',NULL,NULL,NULL,1),(2496,135,134,'helo ','2025-02-18 08:03:17',NULL,NULL,NULL,1),(2497,135,134,'helo new','2025-02-18 08:03:24',NULL,NULL,NULL,1),(2498,135,134,'helo new','2025-02-18 08:03:24',NULL,NULL,NULL,1),(2499,135,134,'helo new ','2025-02-18 08:03:37',NULL,NULL,NULL,1),(2534,134,135,'hy','2025-02-18 09:22:45',NULL,NULL,NULL,1),(2539,134,135,'HELL \nHOW ARE YOU?','2025-02-18 09:44:36',NULL,NULL,NULL,1),(2540,134,135,'HELL \nHOW ARE YOU?','2025-02-18 09:44:36',NULL,NULL,NULL,1),(2541,134,135,'','2025-02-18 09:59:59','image/png','http://localhost:3000/uploads/1739872799815.png',24369,1),(2542,134,135,'','2025-02-18 09:59:59',NULL,NULL,NULL,1),(2543,134,135,'HELL\nHOW ARE YOU?','2025-02-18 10:00:45',NULL,NULL,NULL,1),(2544,134,135,'HELL\nHOW ARE YOU?','2025-02-18 10:00:45',NULL,NULL,NULL,1),(2545,135,134,'HELL\nHOW ARE YOU?','2025-02-18 10:00:50',NULL,NULL,NULL,1),(2546,135,134,'HELL\nHOW ARE YOU?','2025-02-18 10:00:50',NULL,NULL,NULL,1),(2557,134,135,'hyy','2025-02-18 11:28:19',NULL,NULL,NULL,1),(2558,134,135,'hyy','2025-02-18 11:28:19',NULL,NULL,NULL,1),(2559,134,135,'HELL\nHOW ARE YOU?','2025-02-18 11:33:12',NULL,NULL,NULL,1),(2560,134,135,'HELL\nHOW ARE YOU?','2025-02-18 11:33:12',NULL,NULL,NULL,1),(2561,135,134,'HELL\nHOW ARE YOU?','2025-02-18 11:33:15',NULL,NULL,NULL,1),(2562,135,134,'HELL\nHOW ARE YOU?','2025-02-18 11:33:15',NULL,NULL,NULL,1),(2563,134,135,'HELL\nHOW ARE YOU?','2025-02-18 11:33:17',NULL,NULL,NULL,1),(2564,134,135,'HELL\nHOW ARE YOU?','2025-02-18 11:33:17',NULL,NULL,NULL,1),(2565,135,134,'HELL\nHOW ARE YOU?','2025-02-18 11:33:20',NULL,NULL,NULL,1),(2566,135,134,'HELL\nHOW ARE YOU?','2025-02-18 11:33:20',NULL,NULL,NULL,1),(2573,134,135,'hyy tushar','2025-02-18 12:19:01',NULL,NULL,NULL,1),(2574,134,135,'hy','2025-02-18 12:19:01',NULL,NULL,NULL,1),(2577,135,134,'hyy','2025-02-18 12:45:49',NULL,NULL,NULL,1),(2578,135,134,'hyy','2025-02-18 12:45:49',NULL,NULL,NULL,1),(2579,135,134,'hyy new','2025-02-18 12:45:55',NULL,NULL,NULL,1),(2580,135,134,'hyy new','2025-02-18 12:45:55',NULL,NULL,NULL,1),(2581,135,134,'hyy new ','2025-02-18 12:46:14',NULL,NULL,NULL,1),(2582,135,134,'hyy new ??','2025-02-18 12:46:14',NULL,NULL,NULL,1),(2583,134,135,'hy','2025-02-18 12:48:15',NULL,NULL,NULL,1),(2584,134,135,'hy','2025-02-18 12:48:15',NULL,NULL,NULL,1),(2585,135,134,'hy','2025-02-18 12:48:17',NULL,NULL,NULL,1),(2586,135,134,'hy','2025-02-18 12:48:17',NULL,NULL,NULL,1),(2587,134,135,'hy','2025-02-18 12:48:43',NULL,NULL,NULL,1),(2588,134,135,'hy','2025-02-18 12:48:43',NULL,NULL,NULL,1),(2589,134,135,'HELL\nHOW ARE YOU?','2025-02-18 12:50:29',NULL,NULL,NULL,1),(2590,134,135,'HELL\nHOW ARE YOU?','2025-02-18 12:50:29',NULL,NULL,NULL,1),(2591,135,134,'HELL\nHOW ARE YOU?','2025-02-18 12:50:31',NULL,NULL,NULL,1),(2592,135,134,'HELL\nHOW ARE YOU?','2025-02-18 12:50:31',NULL,NULL,NULL,1),(2593,134,135,'HELL\nHOW ARE YOU?','2025-02-18 12:50:34',NULL,NULL,NULL,1),(2594,134,135,'HELL\nHOW ARE YOU?','2025-02-18 12:50:34',NULL,NULL,NULL,1),(2595,135,134,'HELL\nHOW ARE YOU?','2025-02-18 12:50:42',NULL,NULL,NULL,1),(2596,135,134,'HELL\nHOW ARE YOU?','2025-02-18 12:50:42',NULL,NULL,NULL,1),(2603,135,134,'HELL\nHOW ARE YOU?','2025-02-18 12:53:25',NULL,NULL,NULL,1),(2604,135,134,'HELL\nHOW ARE YOU?','2025-02-18 12:53:25',NULL,NULL,NULL,1),(2608,134,135,'HELL\nHOW ARE YOU?','2025-02-19 04:37:23',NULL,NULL,NULL,1),(2627,134,147,'? Hi!','2025-02-19 05:51:45',NULL,NULL,NULL,0),(2628,134,147,'? Hi!','2025-02-19 05:51:45',NULL,NULL,NULL,0),(2691,134,135,'hello ','2025-02-20 05:47:16',NULL,NULL,NULL,1),(2692,134,135,'htlo','2025-02-20 05:47:23',NULL,NULL,NULL,1),(2693,134,135,'hy','2025-02-20 05:47:34',NULL,NULL,NULL,1),(2694,134,135,'hy','2025-02-20 05:47:36',NULL,NULL,NULL,1),(2695,134,135,'hyyy','2025-02-20 06:02:02',NULL,NULL,NULL,1),(2696,134,135,'hyyy','2025-02-20 06:02:02',NULL,NULL,NULL,1),(2697,134,135,'hy','2025-02-20 06:02:15',NULL,NULL,NULL,1),(2698,134,135,'hy','2025-02-20 06:02:15',NULL,NULL,NULL,1),(2699,134,135,'hy','2025-02-20 06:02:17',NULL,NULL,NULL,1),(2700,134,135,'hy','2025-02-20 06:02:17',NULL,NULL,NULL,1),(2701,135,134,'hyyy','2025-02-20 06:02:40',NULL,NULL,NULL,1),(2702,135,134,'hyyy','2025-02-20 06:02:40',NULL,NULL,NULL,1),(2703,135,134,'hyyy','2025-02-20 06:02:56',NULL,NULL,NULL,1),(2704,135,134,'hyyy','2025-02-20 06:02:56',NULL,NULL,NULL,1),(2705,134,135,'hy','2025-02-20 06:03:09',NULL,NULL,NULL,1),(2706,134,135,'hy','2025-02-20 06:03:09',NULL,NULL,NULL,1),(2707,134,135,'hy','2025-02-20 06:03:11',NULL,NULL,NULL,1),(2708,134,135,'hy','2025-02-20 06:03:11',NULL,NULL,NULL,1),(2709,134,135,'hy','2025-02-20 06:03:28',NULL,NULL,NULL,1),(2710,134,135,'hy','2025-02-20 06:03:28',NULL,NULL,NULL,1),(2711,134,135,'hy','2025-02-20 06:04:03',NULL,NULL,NULL,1),(2712,134,135,'hy','2025-02-20 06:04:03',NULL,NULL,NULL,1),(2713,134,135,'hy','2025-02-20 06:04:13',NULL,NULL,NULL,1),(2714,134,135,'hy','2025-02-20 06:04:13',NULL,NULL,NULL,1),(2715,135,134,'helo','2025-02-20 06:18:44',NULL,NULL,NULL,1),(2716,135,134,'helo','2025-02-20 06:18:44',NULL,NULL,NULL,1),(2717,134,135,'heelo ','2025-02-20 06:28:06',NULL,NULL,NULL,1),(2718,134,135,'heelo ','2025-02-20 06:28:06',NULL,NULL,NULL,1),(2731,134,135,'hyyy','2025-02-20 06:55:20',NULL,NULL,NULL,1),(2732,134,135,'hyyy','2025-02-20 06:55:20',NULL,NULL,NULL,1),(2733,134,135,'hyyy','2025-02-20 07:01:38',NULL,NULL,NULL,1),(2734,134,135,'hyyy','2025-02-20 07:01:38',NULL,NULL,NULL,1),(2735,134,135,'hy','2025-02-20 07:02:10',NULL,NULL,NULL,1),(2736,134,135,'hy','2025-02-20 07:02:10',NULL,NULL,NULL,1),(2737,135,134,'hy','2025-02-20 07:02:15',NULL,NULL,NULL,1),(2738,135,134,'hy','2025-02-20 07:02:15',NULL,NULL,NULL,1),(2739,134,135,'hello ','2025-02-20 07:18:09',NULL,NULL,NULL,1),(2740,134,135,'hello ','2025-02-20 07:18:09',NULL,NULL,NULL,1),(2741,134,135,'helo ','2025-02-20 07:21:16',NULL,NULL,NULL,1),(2742,134,135,'helo ','2025-02-20 07:21:16',NULL,NULL,NULL,1),(2743,135,134,'helo ','2025-02-20 07:21:30',NULL,NULL,NULL,1),(2744,135,134,'helo ','2025-02-20 07:21:30',NULL,NULL,NULL,1),(2745,134,135,'hello ','2025-02-20 07:21:56',NULL,NULL,NULL,1),(2746,134,135,'hello ','2025-02-20 07:21:56',NULL,NULL,NULL,1),(2761,134,135,'hy','2025-02-20 07:58:05',NULL,NULL,NULL,1),(2762,134,135,'hy','2025-02-20 07:58:05',NULL,NULL,NULL,1),(2763,135,134,'hy','2025-02-20 07:58:10',NULL,NULL,NULL,1),(2764,135,134,'hy','2025-02-20 07:58:10',NULL,NULL,NULL,1),(2765,134,135,'hy','2025-02-20 08:10:16',NULL,NULL,NULL,1),(2766,134,135,'hy','2025-02-20 08:10:16',NULL,NULL,NULL,1),(2767,134,135,'hy','2025-02-20 08:10:28',NULL,NULL,NULL,1),(2768,134,135,'hy','2025-02-20 08:10:28',NULL,NULL,NULL,1),(2769,135,136,'hy','2025-02-20 08:10:39',NULL,NULL,NULL,0),(2770,135,136,'hy','2025-02-20 08:10:39',NULL,NULL,NULL,0),(2771,134,135,'hyhelo','2025-02-20 08:11:15',NULL,NULL,NULL,1),(2772,134,135,'hyhelo','2025-02-20 08:11:15',NULL,NULL,NULL,1),(2773,134,135,'hyyy yy','2025-02-20 08:11:25',NULL,NULL,NULL,1),(2774,134,135,'hyyy','2025-02-20 08:11:25',NULL,NULL,NULL,1),(2775,135,134,'helo ','2025-02-20 09:05:43',NULL,NULL,NULL,1),(2776,135,134,'helo ','2025-02-20 09:05:43',NULL,NULL,NULL,1),(2777,135,134,'hyy','2025-02-20 09:05:49',NULL,NULL,NULL,1),(2778,135,134,'hyy','2025-02-20 09:05:49',NULL,NULL,NULL,1),(2779,134,135,'hy','2025-02-20 09:09:56',NULL,NULL,NULL,1),(2780,134,135,'hy','2025-02-20 09:09:56',NULL,NULL,NULL,1),(2799,134,135,'hy','2025-02-20 09:25:03',NULL,NULL,NULL,1),(2800,134,135,'hy','2025-02-20 09:25:03',NULL,NULL,NULL,1),(2801,134,135,'hy','2025-02-20 09:25:04',NULL,NULL,NULL,1),(2802,134,135,'hy','2025-02-20 09:25:04',NULL,NULL,NULL,1),(2803,135,134,'hy','2025-02-20 09:25:13',NULL,NULL,NULL,1),(2804,135,134,'hy','2025-02-20 09:25:13',NULL,NULL,NULL,1),(2823,134,135,'hy','2025-02-20 09:55:37',NULL,NULL,NULL,1),(2824,134,135,'hy','2025-02-20 09:55:37',NULL,NULL,NULL,1),(2825,134,135,'hy','2025-02-20 09:55:43',NULL,NULL,NULL,1),(2826,134,135,'hy','2025-02-20 09:55:43',NULL,NULL,NULL,1),(2827,134,135,'hy','2025-02-20 09:55:56',NULL,NULL,NULL,1),(2828,134,135,'hy','2025-02-20 09:55:56',NULL,NULL,NULL,1),(2829,134,135,'hy','2025-02-20 09:55:57',NULL,NULL,NULL,1),(2830,134,135,'hy','2025-02-20 09:55:57',NULL,NULL,NULL,1),(2831,134,135,'hy','2025-02-20 09:55:58',NULL,NULL,NULL,1),(2832,134,135,'hy','2025-02-20 09:55:58',NULL,NULL,NULL,1),(2833,135,134,'hy','2025-02-20 09:56:07',NULL,NULL,NULL,1),(2834,135,134,'hy','2025-02-20 09:56:07',NULL,NULL,NULL,1),(2835,134,135,'hello ','2025-02-20 09:57:25',NULL,NULL,NULL,1),(2836,134,135,'hello ','2025-02-20 09:57:25',NULL,NULL,NULL,1),(2837,135,134,'hello ','2025-02-20 09:57:54',NULL,NULL,NULL,1),(2838,135,134,'hello ','2025-02-20 09:57:54',NULL,NULL,NULL,1),(2839,135,134,'hello ','2025-02-20 09:57:57',NULL,NULL,NULL,1),(2840,135,134,'hello ','2025-02-20 09:57:57',NULL,NULL,NULL,1),(2849,134,135,'helo ','2025-02-20 10:10:50',NULL,NULL,NULL,1),(2850,134,135,'helo ','2025-02-20 10:10:50',NULL,NULL,NULL,1),(2851,134,135,'helo ','2025-02-20 10:11:00',NULL,NULL,NULL,1),(2852,134,135,'helo ','2025-02-20 10:11:00',NULL,NULL,NULL,1),(2853,134,135,'helo ','2025-02-20 10:11:03',NULL,NULL,NULL,1),(2854,134,135,'helo ','2025-02-20 10:11:03',NULL,NULL,NULL,1),(2855,135,134,'helo ','2025-02-20 10:11:24',NULL,NULL,NULL,1),(2856,135,134,'helo ','2025-02-20 10:11:24',NULL,NULL,NULL,1),(2857,135,134,'helo ','2025-02-20 10:11:31',NULL,NULL,NULL,1),(2858,135,134,'helo ','2025-02-20 10:11:31',NULL,NULL,NULL,1),(2859,134,135,'hy','2025-02-20 10:32:06',NULL,NULL,NULL,1),(2860,134,135,'hy','2025-02-20 10:32:06',NULL,NULL,NULL,1),(2861,134,135,'hy','2025-02-20 10:32:15',NULL,NULL,NULL,1),(2862,134,135,'hy','2025-02-20 10:32:15',NULL,NULL,NULL,1),(2863,135,134,'hy','2025-02-20 10:32:20',NULL,NULL,NULL,1),(2864,135,134,'hy','2025-02-20 10:32:20',NULL,NULL,NULL,1),(2865,135,134,'helo ','2025-02-20 10:34:33',NULL,NULL,NULL,1),(2866,135,134,'helo ','2025-02-20 10:34:33',NULL,NULL,NULL,1),(2869,135,134,'hy','2025-02-20 10:35:29',NULL,NULL,NULL,1),(2870,135,134,'hy','2025-02-20 10:35:29',NULL,NULL,NULL,1),(2878,134,135,'hy','2025-02-20 11:32:17',NULL,NULL,NULL,1),(2907,134,135,'hy','2025-02-20 11:57:18',NULL,NULL,NULL,1),(2908,134,135,'hy','2025-02-20 11:57:18',NULL,NULL,NULL,1),(2909,135,134,'helo ','2025-02-20 12:02:01',NULL,NULL,NULL,1),(2910,135,134,'helo ','2025-02-20 12:02:01',NULL,NULL,NULL,1),(2935,135,134,'hyy','2025-02-20 12:19:14',NULL,NULL,NULL,1),(2936,135,134,'hyy','2025-02-20 12:19:14',NULL,NULL,NULL,1),(2937,135,134,'hy ','2025-02-20 12:19:16',NULL,NULL,NULL,1),(2938,135,134,'hy ','2025-02-20 12:19:16',NULL,NULL,NULL,1),(2939,134,135,'hy','2025-02-20 12:19:34',NULL,NULL,NULL,1),(2940,134,135,'hy','2025-02-20 12:19:34',NULL,NULL,NULL,1),(2985,135,134,'hello ','2025-02-21 05:35:57',NULL,NULL,NULL,1),(2986,135,134,'hello ','2025-02-21 05:35:57',NULL,NULL,NULL,1),(2987,134,135,'hello ','2025-02-21 05:36:02',NULL,NULL,NULL,1),(2988,134,135,'hello ','2025-02-21 05:36:02',NULL,NULL,NULL,1),(2995,134,135,'hy','2025-02-21 06:05:08',NULL,NULL,NULL,1),(2996,134,135,'hy','2025-02-21 06:05:08',NULL,NULL,NULL,1),(2997,135,134,'hy','2025-02-21 06:05:22',NULL,NULL,NULL,1),(2998,135,134,'hy','2025-02-21 06:05:22',NULL,NULL,NULL,1),(3001,134,135,'HELL\nHOW ARE YOU?','2025-02-21 06:07:20',NULL,NULL,NULL,1),(3002,134,135,'HELL\nHOW ARE YOU?','2025-02-21 06:07:20',NULL,NULL,NULL,1),(3003,135,134,'hyy','2025-02-21 06:08:23',NULL,NULL,NULL,1),(3004,135,134,'hyy','2025-02-21 06:08:23',NULL,NULL,NULL,1),(3005,134,135,'hy','2025-02-21 06:18:32',NULL,NULL,NULL,1),(3006,134,135,'hy','2025-02-21 06:18:32',NULL,NULL,NULL,1),(3007,134,135,'hy','2025-02-21 06:18:34',NULL,NULL,NULL,1),(3008,134,135,'hy','2025-02-21 06:18:34',NULL,NULL,NULL,1),(3009,134,135,'hy','2025-02-21 06:18:36',NULL,NULL,NULL,1),(3010,134,135,'hy','2025-02-21 06:18:36',NULL,NULL,NULL,1),(3011,134,135,'hy ','2025-02-21 06:33:53',NULL,NULL,NULL,1),(3012,134,135,'hy ','2025-02-21 06:33:53',NULL,NULL,NULL,1),(3013,135,134,'hy','2025-02-21 06:34:07',NULL,NULL,NULL,1),(3014,135,134,'hy','2025-02-21 06:34:07',NULL,NULL,NULL,1),(3015,135,134,'hy','2025-02-21 06:34:10',NULL,NULL,NULL,1),(3016,135,134,'hy','2025-02-21 06:34:10',NULL,NULL,NULL,1),(3017,134,135,'hy','2025-02-21 06:38:01',NULL,NULL,NULL,1),(3018,134,135,'hy','2025-02-21 06:38:01',NULL,NULL,NULL,1),(3019,134,135,'hy','2025-02-21 06:38:03',NULL,NULL,NULL,1),(3020,134,135,'hy','2025-02-21 06:38:03',NULL,NULL,NULL,1),(3021,135,134,'hyy','2025-02-21 06:41:48',NULL,NULL,NULL,1),(3022,135,134,'hyy','2025-02-21 06:41:48',NULL,NULL,NULL,1),(3033,134,135,'hyy','2025-02-21 06:45:33',NULL,NULL,NULL,1),(3034,134,135,'hyy','2025-02-21 06:45:33',NULL,NULL,NULL,1),(3035,134,135,'hy','2025-02-21 06:45:35',NULL,NULL,NULL,1),(3036,134,135,'hy','2025-02-21 06:45:35',NULL,NULL,NULL,1),(3037,134,135,'hy','2025-02-21 06:45:37',NULL,NULL,NULL,1),(3038,134,135,'hy','2025-02-21 06:45:37',NULL,NULL,NULL,1),(3039,134,135,'hy','2025-02-21 07:36:37',NULL,NULL,NULL,1),(3040,134,135,'hy','2025-02-21 07:36:37',NULL,NULL,NULL,1),(3041,135,134,'hy','2025-02-21 07:36:44',NULL,NULL,NULL,1),(3042,135,134,'hy','2025-02-21 07:36:44',NULL,NULL,NULL,1),(3043,134,135,'hy','2025-02-21 07:39:33',NULL,NULL,NULL,1),(3044,134,135,'hy','2025-02-21 07:39:33',NULL,NULL,NULL,1),(3045,134,135,'hy','2025-02-21 07:39:47',NULL,NULL,NULL,1),(3046,134,135,'hy','2025-02-21 07:39:47',NULL,NULL,NULL,1),(3047,134,135,'hy','2025-02-21 07:39:50',NULL,NULL,NULL,1),(3048,134,135,'hy','2025-02-21 07:39:50',NULL,NULL,NULL,1),(3049,134,135,'hy','2025-02-21 07:39:52',NULL,NULL,NULL,1),(3050,134,135,'hy','2025-02-21 07:39:52',NULL,NULL,NULL,1),(3051,135,134,'hy','2025-02-21 07:40:44',NULL,NULL,NULL,1),(3052,135,134,'hy','2025-02-21 07:40:44',NULL,NULL,NULL,1),(3053,135,134,'hy','2025-02-21 07:40:53',NULL,NULL,NULL,1),(3054,135,134,'hy','2025-02-21 07:40:53',NULL,NULL,NULL,1),(3055,135,134,'hy','2025-02-21 07:40:55',NULL,NULL,NULL,1),(3056,135,134,'hy','2025-02-21 07:40:55',NULL,NULL,NULL,1),(3057,135,134,'hy','2025-02-21 07:43:46',NULL,NULL,NULL,1),(3058,135,134,'hy','2025-02-21 07:43:46',NULL,NULL,NULL,1),(3059,135,134,'hy','2025-02-21 07:43:47',NULL,NULL,NULL,1),(3060,135,134,'hy','2025-02-21 07:43:47',NULL,NULL,NULL,1),(3061,135,134,'hy','2025-02-21 07:43:48',NULL,NULL,NULL,1),(3062,135,134,'hy','2025-02-21 07:43:48',NULL,NULL,NULL,1),(3063,134,135,'hy','2025-02-21 07:43:51',NULL,NULL,NULL,1),(3064,134,135,'hy','2025-02-21 07:43:51',NULL,NULL,NULL,1),(3065,134,135,'hy','2025-02-21 07:43:56',NULL,NULL,NULL,1),(3066,134,135,'hy','2025-02-21 07:43:56',NULL,NULL,NULL,1),(3067,135,134,'hyyy','2025-02-21 07:46:49',NULL,NULL,NULL,1),(3068,135,134,'hyyy','2025-02-21 07:46:49',NULL,NULL,NULL,1),(3069,134,135,'hy','2025-02-21 07:49:00',NULL,NULL,NULL,1),(3070,134,135,'hy','2025-02-21 07:49:00',NULL,NULL,NULL,1),(3080,135,134,'helo ','2025-02-21 09:25:12',NULL,NULL,NULL,1),(3097,134,135,'helo hy','2025-02-24 04:17:17',NULL,NULL,NULL,1),(3099,135,134,'hello kumar','2025-02-24 04:45:12',NULL,NULL,NULL,1),(3100,135,134,'hello kumar','2025-02-24 04:45:12',NULL,NULL,NULL,1),(3101,134,135,'hello deepak ','2025-02-24 04:45:19',NULL,NULL,NULL,1),(3102,134,135,'hello deepak ','2025-02-24 04:45:19',NULL,NULL,NULL,1),(3103,134,135,'hyhello ','2025-02-24 06:27:19',NULL,NULL,NULL,1),(3105,135,134,'hy','2025-02-24 06:47:34',NULL,NULL,NULL,1),(3106,135,134,'hy','2025-02-24 06:47:34',NULL,NULL,NULL,1),(3107,134,135,'hello ','2025-02-24 11:56:25',NULL,NULL,NULL,1),(3108,134,135,'hello ','2025-02-24 11:56:25',NULL,NULL,NULL,1),(3109,135,134,'hello ','2025-02-24 11:56:28',NULL,NULL,NULL,1),(3110,135,134,'hello ','2025-02-24 11:56:28',NULL,NULL,NULL,1),(3111,134,135,'','2025-02-24 11:56:37','image/png','http://localhost:3000/uploads/1740398197779.png',24369,1),(3112,134,135,'','2025-02-24 11:56:37',NULL,NULL,NULL,1),(3113,135,134,'helo ','2025-02-24 11:56:41',NULL,NULL,NULL,1),(3114,135,134,'helo ','2025-02-24 11:56:41',NULL,NULL,NULL,1),(3115,134,135,'helo ','2025-02-24 11:56:44',NULL,NULL,NULL,1),(3116,134,135,'helo ','2025-02-24 11:56:44',NULL,NULL,NULL,1),(3117,134,135,'helo ','2025-02-24 13:28:15',NULL,NULL,NULL,1),(3118,134,135,'helo ','2025-02-24 13:28:15',NULL,NULL,NULL,1),(3121,135,134,'hello ','2025-02-25 07:45:36',NULL,NULL,NULL,1),(3122,135,134,'hello ','2025-02-25 07:45:36',NULL,NULL,NULL,1),(3123,134,135,'hello ','2025-02-25 07:45:40',NULL,NULL,NULL,1),(3124,134,135,'hello ','2025-02-25 07:45:40',NULL,NULL,NULL,1),(3125,134,135,'helo ','2025-02-25 13:15:11',NULL,NULL,NULL,1),(3126,134,135,'helo ','2025-02-25 13:15:11',NULL,NULL,NULL,1),(3127,135,134,'helo ','2025-02-25 13:15:33',NULL,NULL,NULL,1),(3128,135,134,'helo ','2025-02-25 13:15:33',NULL,NULL,NULL,1),(3129,134,135,'helo ','2025-02-25 13:15:36',NULL,NULL,NULL,1),(3130,134,135,'helo ','2025-02-25 13:15:36',NULL,NULL,NULL,1),(3131,134,135,'hy','2025-02-27 06:09:26',NULL,NULL,NULL,1),(3132,134,135,'hy','2025-02-27 06:09:27',NULL,NULL,NULL,1),(3133,135,134,'hello how are you ?','2025-02-27 06:10:17',NULL,NULL,NULL,1),(3134,135,134,'hello how are you ?','2025-02-27 06:10:17',NULL,NULL,NULL,1),(3135,135,134,'','2025-02-27 06:10:33','image/png','http://localhost:3000/uploads/1740636633806.png',304832,1),(3136,135,134,'','2025-02-27 06:10:33',NULL,NULL,NULL,1),(3137,134,135,'hello how are you ?','2025-02-27 06:10:47',NULL,NULL,NULL,1),(3138,134,135,'hello how are you ?','2025-02-27 06:10:47',NULL,NULL,NULL,1),(3139,135,134,'hello how are you ?','2025-02-27 06:10:49',NULL,NULL,NULL,1),(3140,135,134,'hello how are you ?','2025-02-27 06:10:49',NULL,NULL,NULL,1),(3141,134,135,'hello how are you ?','2025-02-27 06:10:53',NULL,NULL,NULL,1),(3142,134,135,'hello how are you ?','2025-02-27 06:10:53',NULL,NULL,NULL,1),(3143,135,134,'hello how are you ?','2025-02-27 06:10:56',NULL,NULL,NULL,1),(3144,135,134,'hello how are you ?','2025-02-27 06:10:56',NULL,NULL,NULL,1),(3145,134,135,'helll ','2025-02-27 06:44:30',NULL,NULL,NULL,1),(3146,134,135,'helll ','2025-02-27 06:44:30',NULL,NULL,NULL,1),(3147,134,135,'hy ','2025-02-27 06:57:24',NULL,NULL,NULL,1),(3148,134,135,'hy ','2025-02-27 06:57:24',NULL,NULL,NULL,1),(3149,134,135,'helo ','2025-02-27 07:32:12',NULL,NULL,NULL,1),(3150,134,135,'helo ','2025-02-27 07:32:12',NULL,NULL,NULL,1),(3151,135,134,'how are you ','2025-02-27 07:32:17',NULL,NULL,NULL,1),(3152,135,134,'how are you ','2025-02-27 07:32:17',NULL,NULL,NULL,1),(3153,134,135,'','2025-02-27 07:33:10','image/png','http://localhost:3000/uploads/1740641590466.png',1262,1),(3154,134,135,'','2025-02-27 07:33:10',NULL,NULL,NULL,1),(3155,134,135,'how are you','2025-02-27 07:33:18',NULL,NULL,NULL,1),(3156,134,135,'how are you','2025-02-27 07:33:18',NULL,NULL,NULL,1),(3157,135,134,'how are you','2025-02-27 07:33:20',NULL,NULL,NULL,1),(3158,135,134,'how are you','2025-02-27 07:33:20',NULL,NULL,NULL,1),(3159,134,135,'how are you','2025-02-27 07:33:28',NULL,NULL,NULL,1),(3160,134,135,'how are you','2025-02-27 07:33:28',NULL,NULL,NULL,1),(3161,134,135,'hy','2025-02-27 08:32:52',NULL,NULL,NULL,1),(3162,134,135,'hy','2025-02-27 08:32:52',NULL,NULL,NULL,1),(3163,135,134,'hy','2025-02-27 08:32:58',NULL,NULL,NULL,1),(3164,135,134,'hy','2025-02-27 08:32:58',NULL,NULL,NULL,1),(3165,134,135,'hy','2025-02-27 08:35:44',NULL,NULL,NULL,1),(3166,134,135,'hy','2025-02-27 08:35:45',NULL,NULL,NULL,1),(3167,134,135,'no group','2025-02-27 08:35:51',NULL,NULL,NULL,1),(3168,134,135,'no group','2025-02-27 08:35:51',NULL,NULL,NULL,1),(3169,135,134,'hy','2025-02-27 08:37:22',NULL,NULL,NULL,1),(3170,135,134,'hy','2025-02-27 08:37:22',NULL,NULL,NULL,1),(3171,135,134,'hy','2025-02-27 08:37:29',NULL,NULL,NULL,1),(3172,135,134,'hy','2025-02-27 08:37:29',NULL,NULL,NULL,1),(3173,135,134,'hy','2025-02-27 08:37:46',NULL,NULL,NULL,1),(3174,135,134,'hy','2025-02-27 08:37:46',NULL,NULL,NULL,1),(3175,134,135,'hy','2025-02-27 08:37:56',NULL,NULL,NULL,1),(3176,134,135,'hy','2025-02-27 08:37:57',NULL,NULL,NULL,1),(3177,134,135,'hy','2025-02-27 08:38:01',NULL,NULL,NULL,1),(3178,134,135,'hy','2025-02-27 08:38:01',NULL,NULL,NULL,1),(3179,135,134,'hello ','2025-02-27 08:40:56',NULL,NULL,NULL,1),(3180,135,134,'hello ','2025-02-27 08:40:56',NULL,NULL,NULL,1),(3181,135,134,'hello ','2025-02-27 08:41:11',NULL,NULL,NULL,1),(3182,135,134,'hello ','2025-02-27 08:41:11',NULL,NULL,NULL,1),(3183,134,135,'hy','2025-02-27 08:46:41',NULL,NULL,NULL,1),(3184,134,135,'hy','2025-02-27 08:46:41',NULL,NULL,NULL,1),(3185,135,134,'hy','2025-02-27 08:46:45',NULL,NULL,NULL,1),(3186,135,134,'hy','2025-02-27 08:46:45',NULL,NULL,NULL,1),(3187,135,134,'','2025-02-27 08:48:13','image/png','http://localhost:3000/uploads/1740646093975.png',92380,1),(3188,135,134,'','2025-02-27 08:48:13',NULL,NULL,NULL,1),(3189,135,134,'hy','2025-02-27 08:48:19',NULL,NULL,NULL,1),(3190,135,134,'hy','2025-02-27 08:48:19',NULL,NULL,NULL,1),(3191,134,135,'hy','2025-02-27 08:48:25',NULL,NULL,NULL,1),(3192,134,135,'hy','2025-02-27 08:48:25',NULL,NULL,NULL,1),(3193,135,134,'hy ','2025-02-27 09:06:09',NULL,NULL,NULL,1),(3194,135,134,'hy ','2025-02-27 09:06:09',NULL,NULL,NULL,1),(3195,134,135,'hy ','2025-02-27 09:06:12',NULL,NULL,NULL,1),(3196,134,135,'hy ','2025-02-27 09:06:12',NULL,NULL,NULL,1),(3197,135,134,'hy','2025-02-27 09:59:09',NULL,NULL,NULL,1),(3198,135,134,'hy','2025-02-27 09:59:09',NULL,NULL,NULL,1),(3199,134,135,'hello ','2025-02-27 10:42:49',NULL,NULL,NULL,1),(3200,134,135,'hello ','2025-02-27 10:42:50',NULL,NULL,NULL,1),(3201,135,134,'hello how are you ?','2025-02-27 10:43:00',NULL,NULL,NULL,1),(3202,135,134,'hello how are you ?','2025-02-27 10:43:00',NULL,NULL,NULL,1),(3203,135,134,'hyy','2025-02-27 11:27:08',NULL,NULL,NULL,1),(3204,135,134,'hyy','2025-02-27 11:27:08',NULL,NULL,NULL,1),(3205,134,135,'hyyy','2025-02-27 11:27:12',NULL,NULL,NULL,1),(3206,134,135,'hyyy','2025-02-27 11:27:12',NULL,NULL,NULL,1),(3207,135,134,'hyy ','2025-02-27 11:34:19',NULL,NULL,NULL,1),(3208,135,134,'hyy ','2025-02-27 11:34:19',NULL,NULL,NULL,1),(3211,134,135,'hyyy ','2025-02-27 11:35:21',NULL,NULL,NULL,1),(3212,134,135,'hyyy ','2025-02-27 11:35:21',NULL,NULL,NULL,1),(3213,135,134,'hyy ','2025-02-27 11:35:25',NULL,NULL,NULL,1),(3214,135,134,'hyy ','2025-02-27 11:35:25',NULL,NULL,NULL,1),(3215,134,135,'hello ','2025-02-27 11:57:46',NULL,NULL,NULL,1),(3216,134,135,'hello ','2025-02-27 11:57:46',NULL,NULL,NULL,1),(3217,135,134,'how are you ','2025-02-27 11:57:55',NULL,NULL,NULL,1),(3218,135,134,'how are you ','2025-02-27 11:57:55',NULL,NULL,NULL,1),(3219,135,134,'hello ','2025-02-27 12:19:35',NULL,NULL,NULL,1),(3220,135,134,'hello ','2025-02-27 12:19:35',NULL,NULL,NULL,1),(3221,134,135,'hy','2025-02-27 12:19:42',NULL,NULL,NULL,1),(3222,134,135,'hy','2025-02-27 12:19:42',NULL,NULL,NULL,1),(3223,135,134,'hyyy','2025-02-27 13:00:52',NULL,NULL,NULL,1),(3224,135,134,'hyyy','2025-02-27 13:00:52',NULL,NULL,NULL,1),(3225,134,135,'hyy \nhowmmm\nare\nyou?','2025-02-27 13:01:08',NULL,NULL,NULL,1),(3226,134,135,'hyy \nhow\nare\nyou?','2025-02-27 13:01:08',NULL,NULL,NULL,1),(3227,135,134,'hello ','2025-02-28 04:43:26',NULL,NULL,NULL,1),(3228,135,134,'hello ','2025-02-28 04:43:26',NULL,NULL,NULL,1),(3229,135,134,'hy','2025-02-28 04:43:43',NULL,NULL,NULL,1),(3230,135,134,'hy','2025-02-28 04:43:43',NULL,NULL,NULL,1),(3231,135,134,'hy','2025-02-28 05:22:41',NULL,NULL,NULL,1),(3232,135,134,'hy','2025-02-28 05:22:41',NULL,NULL,NULL,1),(3233,134,135,'','2025-02-28 06:01:03','image/png','http://localhost:3000/uploads/1740722463694.png',7827,1),(3234,134,135,'','2025-02-28 06:01:03',NULL,NULL,NULL,1),(3235,134,135,'hello ','2025-02-28 06:01:08',NULL,NULL,NULL,1),(3236,134,135,'hello ','2025-02-28 06:01:08',NULL,NULL,NULL,1),(3237,135,134,'hello ','2025-02-28 06:31:53',NULL,NULL,NULL,1),(3238,135,134,'hello ','2025-02-28 06:31:53',NULL,NULL,NULL,1),(3239,135,134,'helo','2025-02-28 06:32:03',NULL,NULL,NULL,1),(3240,135,134,'helo','2025-02-28 06:32:03',NULL,NULL,NULL,1),(3241,134,135,'hello ','2025-02-28 06:32:10',NULL,NULL,NULL,1),(3242,134,135,'hello ','2025-02-28 06:32:10',NULL,NULL,NULL,1),(3243,134,135,'how are you','2025-02-28 06:32:14',NULL,NULL,NULL,1),(3244,134,135,'how are you','2025-02-28 06:32:14',NULL,NULL,NULL,1),(3245,134,135,'how are you\n\n','2025-02-28 09:05:54',NULL,NULL,NULL,1),(3246,134,135,'how are you\n\n','2025-02-28 09:05:54',NULL,NULL,NULL,1),(3247,135,134,'hhhhhhhhhhhhhhhhhhhhhhhhhhhhhhhhhhhhhhhhhhhhhhhhhhhhhhhhhhhhhhhhhhhhhhhhhhhhhhhhhhhhhhhhhhhhhhhhhhhhhhhhhhhhhhhhhhhhhhhhhhhhhhhhhhhhhhhhhhhhhhhhhhhhhhhhhhhhhhhhhhhhhhhhhhhhhhhhhhhhhhhhhhhhhhhhhhhhhhhhhhhhhhhhhhhhhhhhhhhhhhhhhhhhhhhhhhhhhhhhhhhhhhhhhhhhhhhhhhhhhhhhhhhhhhhhhhhhhhhhhhhhhhhhhhhhhhhhhhhhhhhhhhhhhhhhhhhhhhhhhhhhhhhhhhhhhhhhhhhhhhhhhhhhhhhhhhhhhhhhhhhhhhhhhhhhhhhhhhhhhhhhhhhhhhhhhhhhhhhhhhhhhhhhhhhhhhhhhhhhhhhhhhhhhhhhhhhhhhhhhhhhhhhhhhhhhhhhhhhhhhhhhhhhhhhhhhhhhhhhhhhhhhhhhh','2025-02-28 09:06:29',NULL,NULL,NULL,1),(3248,135,134,'hhhhhhhhhhhhhhhhhhhhhhhhhhhhhhhhhhhhhhhhhhhhhhhhhhhhhhhhhhhhhhhhhhhhhhhhhhhhhhhhhhhhhhhhhhhhhhhhhhhhhhhhhhhhhhhhhhhhhhhhhhhhhhhhhhhhhhhhhhhhhhhhhhhhhhhhhhhhhhhhhhhhhhhhhhhhhhhhhhhhhhhhhhhhhhhhhhhhhhhhhhhhhhhhhhhhhhhhhhhhhhhhhhhhhhhhhhhhhhhhhhhhhhhhhhhhhhhhhhhhhhhhhhhhhhhhhhhhhhhhhhhhhhhhhhhhhhhhhhhhhhhhhhhhhhhhhhhhhhhhhhhhhhhhhhhhhhhhhhhhhhhhhhhhhhhhhhhhhhhhhhhhhhhhhhhhhhhhhhhhhhhhhhhhhhhhhhhhhhhhhhhhhhhhhhhhhhhhhhhhhhhhhhhhhhhhhhhhhhhhhhhhhhhhhhhhhhhhhhhhhhhhhhhhhhhhhhhhhhhhhhhhhhhhhh','2025-02-28 09:06:29',NULL,NULL,NULL,1),(3249,134,135,'how are you','2025-02-28 09:07:23',NULL,NULL,NULL,1),(3250,134,135,'how are you','2025-02-28 09:07:23',NULL,NULL,NULL,1),(3251,135,134,'how are you','2025-02-28 09:07:27',NULL,NULL,NULL,1),(3252,135,134,'how are you','2025-02-28 09:07:27',NULL,NULL,NULL,1),(3253,134,135,'how are you','2025-03-03 04:31:48',NULL,NULL,NULL,1),(3254,134,135,'how are you','2025-03-03 04:31:48',NULL,NULL,NULL,1),(3255,135,134,'how are you','2025-03-03 04:31:51',NULL,NULL,NULL,1),(3256,135,134,'how are you','2025-03-03 04:31:51',NULL,NULL,NULL,1),(3259,134,135,'hy','2025-03-03 04:41:55',NULL,NULL,NULL,1),(3260,134,135,'hy','2025-03-03 04:41:55',NULL,NULL,NULL,1),(3261,135,134,'hello ','2025-03-03 05:20:46',NULL,NULL,NULL,1),(3262,135,134,'hello ','2025-03-03 05:20:46',NULL,NULL,NULL,1),(3263,134,135,'how are you ','2025-03-03 05:20:53',NULL,NULL,NULL,1),(3264,134,135,'how are you ','2025-03-03 05:20:53',NULL,NULL,NULL,1),(3265,135,134,'helo ','2025-03-03 05:21:03',NULL,NULL,NULL,1),(3266,135,134,'helo ','2025-03-03 05:21:03',NULL,NULL,NULL,1),(3267,134,135,'hello ','2025-03-03 09:39:15',NULL,NULL,NULL,1),(3268,134,135,'hello ','2025-03-03 09:39:15',NULL,NULL,NULL,1),(3269,135,134,'hello ','2025-03-03 09:39:20',NULL,NULL,NULL,1),(3270,135,134,'hello ','2025-03-03 09:39:20',NULL,NULL,NULL,1),(3271,134,135,'hello hello ','2025-03-03 09:47:21',NULL,NULL,NULL,1),(3272,134,135,'hello ','2025-03-03 09:47:21',NULL,NULL,NULL,1),(3273,134,135,'hello ','2025-03-03 11:13:57',NULL,NULL,NULL,1),(3274,134,135,'hello ','2025-03-03 11:13:57',NULL,NULL,NULL,1),(3275,135,134,'hello ','2025-03-03 11:14:01',NULL,NULL,NULL,1),(3276,135,134,'hello ','2025-03-03 11:14:01',NULL,NULL,NULL,1),(3277,135,134,'hello ','2025-03-03 11:14:03',NULL,NULL,NULL,1),(3278,135,134,'hello ','2025-03-03 11:14:03',NULL,NULL,NULL,1),(3279,135,134,'','2025-03-03 11:14:14','image/png','http://localhost:3000/uploads/1741000454497.png',24369,1),(3280,135,134,'','2025-03-03 11:14:14',NULL,NULL,NULL,1),(3281,134,135,'hellllllllllllooooooooooooo','2025-03-03 11:14:21',NULL,NULL,NULL,1),(3282,134,135,'hellllllllllllooooooooooooo','2025-03-03 11:14:22',NULL,NULL,NULL,1),(3283,134,135,'helo ','2025-03-03 11:14:57',NULL,NULL,NULL,1),(3284,134,135,'helo ','2025-03-03 11:14:57',NULL,NULL,NULL,1),(3285,134,135,'hy','2025-03-03 12:16:12',NULL,NULL,NULL,1),(3286,134,135,'hy','2025-03-03 12:16:12',NULL,NULL,NULL,1),(3287,135,134,'hello ','2025-03-03 12:30:42',NULL,NULL,NULL,1),(3288,135,134,'hello ','2025-03-03 12:30:42',NULL,NULL,NULL,1),(3289,134,135,'how are you ','2025-03-03 12:30:48',NULL,NULL,NULL,1),(3290,134,135,'how are you ','2025-03-03 12:30:48',NULL,NULL,NULL,1),(3291,135,134,'how are you ','2025-03-03 12:31:34',NULL,NULL,NULL,1),(3292,135,134,'how are you ','2025-03-03 12:31:34',NULL,NULL,NULL,1),(3293,135,134,'helo ','2025-03-03 12:31:47',NULL,NULL,NULL,1),(3294,135,134,'helo ','2025-03-03 12:31:47',NULL,NULL,NULL,1),(3295,134,135,'helo ','2025-03-03 12:31:51',NULL,NULL,NULL,1),(3296,134,135,'helo ','2025-03-03 12:31:51',NULL,NULL,NULL,1),(3297,135,134,'how are you','2025-03-03 12:31:56',NULL,NULL,NULL,1),(3298,135,134,'how are you','2025-03-03 12:31:56',NULL,NULL,NULL,1),(3299,134,135,'how are you ','2025-03-03 12:32:01',NULL,NULL,NULL,1),(3300,134,135,'how are you ','2025-03-03 12:32:01',NULL,NULL,NULL,1),(3301,134,135,'iam kumar singh ','2025-03-03 12:33:03',NULL,NULL,NULL,1),(3302,134,135,'iam kumar ','2025-03-03 12:33:03',NULL,NULL,NULL,1),(3303,135,134,'okay iam deepak ','2025-03-03 12:33:11',NULL,NULL,NULL,1),(3304,135,134,'okay iam deepak ','2025-03-03 12:33:11',NULL,NULL,NULL,1),(3305,134,150,'? Hi!','2025-03-03 12:40:15',NULL,NULL,NULL,1),(3306,134,150,'? Hi!','2025-03-03 12:40:15',NULL,NULL,NULL,1),(3307,150,134,'? Hi!','2025-03-03 12:40:20',NULL,NULL,NULL,1),(3308,150,134,'? Hi!','2025-03-03 12:40:20',NULL,NULL,NULL,1),(3309,134,135,'hello ','2025-03-03 13:04:39',NULL,NULL,NULL,1),(3310,134,135,'hello ','2025-03-03 13:04:39',NULL,NULL,NULL,1),(3311,135,134,'hello ','2025-03-03 13:04:43',NULL,NULL,NULL,1),(3312,135,134,'hello ','2025-03-03 13:04:43',NULL,NULL,NULL,1),(3313,134,135,'hello ','2025-03-03 13:04:47',NULL,NULL,NULL,1),(3314,134,135,'hello ','2025-03-03 13:04:47',NULL,NULL,NULL,1),(3315,135,134,'hello ','2025-03-03 13:04:51',NULL,NULL,NULL,1),(3316,135,134,'hello ','2025-03-03 13:04:51',NULL,NULL,NULL,1),(3317,134,135,'hello ','2025-03-04 04:49:27',NULL,NULL,NULL,1),(3318,134,135,'hello ','2025-03-04 04:49:27',NULL,NULL,NULL,1),(3319,135,134,'helo ','2025-03-04 04:49:31',NULL,NULL,NULL,1),(3320,135,134,'helo ','2025-03-04 04:49:31',NULL,NULL,NULL,1),(3321,134,135,'@deepak kushwaha: ok','2025-03-04 05:14:16',NULL,NULL,NULL,1),(3322,134,135,'@deepak kushwaha: ok','2025-03-04 05:14:16',NULL,NULL,NULL,1),(3323,134,135,'@deepak kushwaha: ok','2025-03-04 05:14:55',NULL,NULL,NULL,1),(3324,134,135,'@deepak kushwaha: ok','2025-03-04 05:14:55',NULL,NULL,NULL,1),(3325,135,134,'hello \nhow are you ?','2025-03-04 06:11:41',NULL,NULL,NULL,1),(3326,135,134,'hello \nhow are you ?','2025-03-04 06:11:41',NULL,NULL,NULL,1),(3327,134,135,'iam fine\nand you ?','2025-03-04 06:11:52',NULL,NULL,NULL,1),(3328,134,135,'iam fine\nand you ?','2025-03-04 06:11:52',NULL,NULL,NULL,1),(3329,134,135,'@You: helo ','2025-03-04 06:18:36',NULL,NULL,NULL,1),(3330,134,135,'@You: helo ','2025-03-04 06:18:36',NULL,NULL,NULL,1),(3331,135,134,'hello how are you \n?','2025-03-04 06:19:14',NULL,NULL,NULL,1),(3332,135,134,'hello how are you \n?','2025-03-04 06:19:14',NULL,NULL,NULL,1),(3333,134,135,'@deepak kushwaha: hello how are you \n?hy','2025-03-04 06:34:32',NULL,NULL,NULL,1),(3334,134,135,'@deepak kushwaha: hello how are you \n?hy','2025-03-04 06:34:32',NULL,NULL,NULL,1),(3335,134,135,'hy ','2025-03-04 08:27:23',NULL,NULL,NULL,1),(3336,134,135,'hy ','2025-03-04 08:27:23',NULL,NULL,NULL,1),(3337,135,134,'hello ','2025-03-04 08:27:28',NULL,NULL,NULL,1),(3338,135,134,'hello ','2025-03-04 08:27:28',NULL,NULL,NULL,1),(3340,134,135,'hello ','2025-03-04 08:27:31',NULL,NULL,NULL,1),(3341,134,135,'@You: hello \nhello ','2025-03-04 11:20:07',NULL,NULL,NULL,1),(3342,134,135,'@You: hello \nhello ','2025-03-04 11:20:07',NULL,NULL,NULL,1),(3343,135,134,'hell ','2025-03-04 11:23:52',NULL,NULL,NULL,1),(3344,135,134,'hell ','2025-03-04 11:23:52',NULL,NULL,NULL,1),(3345,134,135,'hello ','2025-03-04 11:23:56',NULL,NULL,NULL,1),(3346,134,135,'hello ','2025-03-04 11:23:56',NULL,NULL,NULL,1),(3347,135,134,'hello ','2025-03-04 11:28:26',NULL,NULL,NULL,1),(3348,135,134,'hello ','2025-03-04 11:28:26',NULL,NULL,NULL,1),(3350,135,134,'hello ','2025-03-04 11:28:34',NULL,NULL,NULL,1),(3351,135,134,'@You: hello -> how are you ','2025-03-04 12:11:07',NULL,NULL,NULL,1),(3352,135,134,'@You: hello -> how are you ','2025-03-04 12:11:07',NULL,NULL,NULL,1),(3353,134,135,'helo ','2025-03-04 12:22:02',NULL,NULL,NULL,1),(3354,134,135,'helo ','2025-03-04 12:22:02',NULL,NULL,NULL,1),(3357,135,134,'helo ','2025-03-05 05:15:01',NULL,NULL,NULL,1),(3358,135,134,'helo ','2025-03-05 05:15:01',NULL,NULL,NULL,1),(3359,134,135,'helo ','2025-03-05 05:15:04',NULL,NULL,NULL,1),(3360,134,135,'helo ','2025-03-05 05:15:04',NULL,NULL,NULL,1),(3363,135,134,'okay ','2025-03-05 05:15:19',NULL,NULL,NULL,1),(3364,135,134,'okay ','2025-03-05 05:15:19',NULL,NULL,NULL,1),(3365,134,135,'helo hy','2025-03-05 05:15:48',NULL,NULL,NULL,1),(3366,134,135,'helo myhhh','2025-03-05 05:15:48',NULL,NULL,NULL,1),(3367,134,135,'','2025-03-05 05:22:04','image/png','http://localhost:3000/uploads/1741152124183.png',334947,1),(3368,134,135,'','2025-03-05 05:22:04',NULL,NULL,NULL,1),(3369,134,135,'hyhhyyy','2025-03-05 05:22:15',NULL,NULL,NULL,1),(3370,134,135,'hy hyy','2025-03-05 05:22:15',NULL,NULL,NULL,1),(3371,135,134,'','2025-03-05 06:25:08','image/png','http://localhost:3000/uploads/1741155908547.png',7827,1),(3372,135,134,'','2025-03-05 06:25:08',NULL,NULL,NULL,1),(3373,134,135,'helo ','2025-03-05 06:53:05',NULL,NULL,NULL,1),(3374,134,135,'helo ','2025-03-05 06:53:05',NULL,NULL,NULL,1),(3375,134,135,'','2025-03-05 09:28:48','image/png','http://localhost:3000/uploads/1741166928890.png',334947,1),(3376,134,135,'','2025-03-05 09:28:48',NULL,NULL,NULL,1),(3377,134,135,'hello \nhow are you?zeenat mam','2025-03-05 09:29:00',NULL,NULL,NULL,1),(3378,134,135,'hello \nhow are you?','2025-03-05 09:29:00',NULL,NULL,NULL,1),(3379,135,134,'helo ','2025-03-05 10:19:50',NULL,NULL,NULL,1),(3380,135,134,'helo ','2025-03-05 10:19:50',NULL,NULL,NULL,1),(3381,134,135,'helo ','2025-03-05 10:19:53',NULL,NULL,NULL,1),(3382,134,135,'helo ','2025-03-05 10:19:53',NULL,NULL,NULL,1),(3383,134,135,'@You: helo hyyy','2025-03-05 10:20:03',NULL,NULL,NULL,1),(3384,134,135,'@You: helo hyyy','2025-03-05 10:20:03',NULL,NULL,NULL,1),(3385,134,1,'hy','2025-03-06 05:15:04',NULL,NULL,NULL,0),(3386,134,1,'hy','2025-03-06 05:15:04',NULL,NULL,NULL,0),(3387,134,1,'helo ','2025-03-06 05:16:32',NULL,NULL,NULL,0),(3388,134,1,'helo ','2025-03-06 05:16:32',NULL,NULL,NULL,0),(3389,134,135,'','2025-03-06 07:15:47','image/png','http://localhost:3000/uploads/1741245347093.png',24369,1),(3390,134,135,'','2025-03-06 07:15:47',NULL,NULL,NULL,1),(3391,135,134,'hello kumar','2025-03-06 07:41:01',NULL,NULL,NULL,1),(3392,135,134,'hello kumar','2025-03-06 07:41:01',NULL,NULL,NULL,1),(3393,134,135,'hello deepak ?','2025-03-06 07:41:09',NULL,NULL,NULL,1),(3396,135,134,'hello hyy','2025-03-06 09:55:02',NULL,NULL,NULL,1),(3399,134,135,'helo yes','2025-03-06 10:12:34',NULL,NULL,NULL,1),(3401,135,134,'hello ','2025-03-06 10:29:20',NULL,NULL,NULL,1),(3402,135,134,'hello ','2025-03-06 10:29:20',NULL,NULL,NULL,1),(3411,134,135,'helo ','2025-03-06 10:55:40',NULL,NULL,NULL,1),(3412,134,135,'helo ','2025-03-06 10:55:40',NULL,NULL,NULL,1),(3415,135,134,'hyyy','2025-03-06 11:41:14',NULL,NULL,NULL,1),(3416,135,134,'hyyy','2025-03-06 11:41:14',NULL,NULL,NULL,1),(3417,134,135,'helo ','2025-03-06 11:41:25',NULL,NULL,NULL,1),(3418,134,135,'helo ','2025-03-06 11:41:25',NULL,NULL,NULL,1),(3419,135,134,'hy','2025-03-06 11:51:33',NULL,NULL,NULL,1),(3420,135,134,'hy','2025-03-06 11:51:33',NULL,NULL,NULL,1),(3421,150,134,'hyy','2025-03-06 11:53:24',NULL,NULL,NULL,1),(3422,150,134,'hyy','2025-03-06 11:53:24',NULL,NULL,NULL,1),(3423,134,150,'hello','2025-03-06 11:53:49',NULL,NULL,NULL,1),(3424,134,150,'hello','2025-03-06 11:53:49',NULL,NULL,NULL,1),(3425,150,134,'hello ','2025-03-06 11:54:14',NULL,NULL,NULL,1),(3426,150,134,'hello ','2025-03-06 11:54:14',NULL,NULL,NULL,1),(3427,150,134,'helo ','2025-03-06 12:01:41',NULL,NULL,NULL,1),(3428,150,134,'helo ','2025-03-06 12:01:41',NULL,NULL,NULL,1),(3429,134,150,'hyyy','2025-03-06 12:01:52',NULL,NULL,NULL,1),(3430,134,150,'hyyy','2025-03-06 12:01:53',NULL,NULL,NULL,1),(3431,150,134,'hy\nhy\nhy\nhy\n','2025-03-06 12:02:17',NULL,NULL,NULL,1),(3432,150,134,'hy\nhy\nhy\nhy\n','2025-03-06 12:02:17',NULL,NULL,NULL,1),(3433,134,150,'hyhyhy','2025-03-06 12:02:26',NULL,NULL,NULL,1),(3434,134,150,'hyhyhy','2025-03-06 12:02:26',NULL,NULL,NULL,1),(3435,134,135,'hyy','2025-03-06 12:07:33',NULL,NULL,NULL,1),(3436,134,135,'hyy','2025-03-06 12:07:33',NULL,NULL,NULL,1),(3437,135,134,'hello\nhow are you?','2025-03-06 12:07:49',NULL,NULL,NULL,1),(3438,135,134,'hello\nhow are you?','2025-03-06 12:07:49',NULL,NULL,NULL,1),(3441,134,135,'hy ','2025-03-06 12:12:44',NULL,NULL,NULL,1),(3442,134,135,'hy ','2025-03-06 12:12:44',NULL,NULL,NULL,1),(3447,134,135,'hello ','2025-03-06 12:15:22',NULL,NULL,NULL,1),(3448,134,135,'hello ','2025-03-06 12:15:22',NULL,NULL,NULL,1),(3449,135,134,'hy','2025-03-06 12:22:21',NULL,NULL,NULL,1),(3450,135,134,'hy','2025-03-06 12:22:21',NULL,NULL,NULL,1),(3451,135,134,'helo ','2025-03-07 06:35:39',NULL,NULL,NULL,1),(3452,135,134,'helo ','2025-03-07 06:35:39',NULL,NULL,NULL,1),(3453,134,135,'hello heejee','2025-03-07 06:35:48',NULL,NULL,NULL,1),(3454,134,135,'hello ','2025-03-07 06:35:48',NULL,NULL,NULL,1),(3455,134,135,'helo \nhow are you ?','2025-03-07 09:31:44',NULL,NULL,NULL,1),(3456,134,135,'helo \nhow are you ?','2025-03-07 09:31:44',NULL,NULL,NULL,1),(3457,135,134,'hello ','2025-03-07 09:53:42',NULL,NULL,NULL,1),(3458,135,134,'hello ','2025-03-07 09:53:42',NULL,NULL,NULL,1),(3459,134,135,'','2025-03-07 11:06:47','image/png','http://localhost:3000/uploads/1741345607511.png',24369,1),(3460,134,135,'','2025-03-07 11:06:47',NULL,NULL,NULL,1),(3461,135,134,'hy','2025-03-07 11:35:26',NULL,NULL,NULL,1),(3462,135,134,'hy','2025-03-07 11:35:26',NULL,NULL,NULL,1),(3463,134,135,'hy how are you?','2025-03-07 11:35:32',NULL,NULL,NULL,1),(3464,134,135,'hy','2025-03-07 11:35:32',NULL,NULL,NULL,1),(3465,135,134,'hello?','2025-03-07 12:25:24',NULL,NULL,NULL,1),(3466,135,134,'hello?','2025-03-07 12:25:24',NULL,NULL,NULL,1),(3467,135,134,'helo ','2025-03-07 12:42:28',NULL,NULL,NULL,1),(3468,135,134,'helo ','2025-03-07 12:42:28',NULL,NULL,NULL,1),(3469,134,135,'helo ','2025-03-07 12:42:33',NULL,NULL,NULL,1),(3470,134,135,'helo ','2025-03-07 12:42:33',NULL,NULL,NULL,1),(3471,134,135,'@You: helo hyy','2025-03-07 12:59:11',NULL,NULL,NULL,1),(3472,134,135,'@You: helo hyy','2025-03-07 12:59:11',NULL,NULL,NULL,1),(3473,135,134,'hyyhelo ','2025-03-07 13:00:38',NULL,NULL,NULL,1),(3474,135,134,'hyy','2025-03-07 13:00:38',NULL,NULL,NULL,1),(3475,134,135,'hello ','2025-03-10 04:36:55',NULL,NULL,NULL,1),(3476,134,135,'hello ','2025-03-10 04:36:55',NULL,NULL,NULL,1),(3480,135,134,'how are you ?','2025-03-10 05:57:55',NULL,NULL,NULL,1),(3482,134,135,'hy','2025-03-10 06:15:25',NULL,NULL,NULL,1),(3487,135,134,'hello ','2025-03-10 09:38:48',NULL,NULL,NULL,1),(3488,135,134,'hello ','2025-03-10 09:38:48',NULL,NULL,NULL,1),(3490,134,135,'helo ','2025-03-10 09:38:54',NULL,NULL,NULL,1),(3491,134,135,'helo ','2025-03-10 10:31:04',NULL,NULL,NULL,1),(3492,134,135,'helo ','2025-03-10 10:31:04',NULL,NULL,NULL,1),(3493,135,134,'','2025-03-10 10:31:58','image/png','http://localhost:3000/uploads/1741602718183.png',7827,1),(3494,135,134,'','2025-03-10 10:31:58',NULL,NULL,NULL,1),(3495,134,135,'','2025-03-10 10:32:06','image/png','http://localhost:3000/uploads/1741602726598.png',6600,1),(3496,134,135,'','2025-03-10 10:32:06',NULL,NULL,NULL,1),(3497,134,135,'helo ','2025-03-10 10:32:11',NULL,NULL,NULL,1),(3498,134,135,'helo ','2025-03-10 10:32:11',NULL,NULL,NULL,1),(3499,135,134,'hello\nhow are you','2025-03-10 10:41:53',NULL,NULL,NULL,1),(3500,135,134,'hello\nhow are you','2025-03-10 10:41:53',NULL,NULL,NULL,1),(3509,134,135,'hello  ','2025-03-10 12:11:34',NULL,NULL,NULL,1),(3510,134,135,'hello  ','2025-03-10 12:11:34',NULL,NULL,NULL,1),(3514,135,134,'hello','2025-03-10 12:53:40',NULL,NULL,NULL,1),(3516,134,135,'hello','2025-03-10 13:09:20',NULL,NULL,NULL,1),(3517,135,134,'hello ','2025-03-11 06:10:53',NULL,NULL,NULL,1),(3518,135,134,'hello ','2025-03-11 06:10:53',NULL,NULL,NULL,1),(3519,135,134,'hy','2025-03-11 07:35:34',NULL,NULL,NULL,1),(3520,135,134,'hy','2025-03-11 07:35:34',NULL,NULL,NULL,1),(3521,134,135,'@deepak kushwaha','2025-03-11 09:48:41',NULL,NULL,NULL,1),(3522,134,135,'@deepak kushwaha','2025-03-11 09:48:41',NULL,NULL,NULL,1),(3523,134,135,'helo','2025-03-11 09:48:48',NULL,NULL,NULL,1),(3524,134,135,'helo','2025-03-11 09:48:48',NULL,NULL,NULL,1),(3525,135,134,'helo ','2025-03-11 10:15:44',NULL,NULL,NULL,1),(3526,135,134,'helo ','2025-03-11 10:15:44',NULL,NULL,NULL,1),(3527,135,134,'helo ','2025-03-11 10:16:10',NULL,NULL,NULL,1),(3528,135,134,'helo ','2025-03-11 10:16:10',NULL,NULL,NULL,1),(3529,135,134,'helko ','2025-03-11 10:16:11',NULL,NULL,NULL,1),(3530,135,134,'helko ','2025-03-11 10:16:11',NULL,NULL,NULL,1),(3531,135,134,'helo ','2025-03-11 10:16:12',NULL,NULL,NULL,1),(3532,135,134,'helo ','2025-03-11 10:16:12',NULL,NULL,NULL,1),(3533,135,134,'helo','2025-03-11 10:16:13',NULL,NULL,NULL,1),(3534,135,134,'helo','2025-03-11 10:16:13',NULL,NULL,NULL,1),(3535,134,135,'helo\nhow are you?','2025-03-11 12:29:09',NULL,NULL,NULL,1),(3536,134,135,'helo\nhow are you?','2025-03-11 12:29:09',NULL,NULL,NULL,1),(3537,135,134,'helo how are \nyou?','2025-03-11 13:11:02',NULL,NULL,NULL,1),(3538,135,134,'helo how are \nyou?','2025-03-11 13:11:02',NULL,NULL,NULL,1),(3539,135,134,'helo','2025-03-11 13:28:46',NULL,NULL,NULL,1),(3540,135,134,'helo','2025-03-11 13:28:46',NULL,NULL,NULL,1),(3541,134,135,'helo ','2025-03-11 13:28:50',NULL,NULL,NULL,1),(3542,134,135,'helo ','2025-03-11 13:28:50',NULL,NULL,NULL,1),(3543,135,134,'hello','2025-03-12 12:53:17',NULL,NULL,NULL,1),(3544,135,134,'hello','2025-03-12 12:53:17',NULL,NULL,NULL,1),(3545,134,135,'helo','2025-03-12 12:53:22',NULL,NULL,NULL,1),(3546,134,135,'helo','2025-03-12 12:53:22',NULL,NULL,NULL,1),(3547,135,134,'hyy','2025-03-17 04:38:07',NULL,NULL,NULL,1),(3548,135,134,'hyy','2025-03-17 04:38:07',NULL,NULL,NULL,1),(3549,134,135,'hello ','2025-03-17 04:38:14',NULL,NULL,NULL,1),(3550,134,135,'hello ','2025-03-17 04:38:14',NULL,NULL,NULL,1),(3551,135,134,'helo how are you ?','2025-03-17 06:55:43',NULL,NULL,NULL,1),(3552,135,134,'helo how are you ?','2025-03-17 06:55:43',NULL,NULL,NULL,1),(3553,135,134,'hy','2025-03-17 10:59:34',NULL,NULL,NULL,1),(3554,135,134,'hy','2025-03-17 10:59:34',NULL,NULL,NULL,1),(3555,134,135,'hy','2025-03-17 10:59:38',NULL,NULL,NULL,1),(3556,134,135,'hy','2025-03-17 10:59:38',NULL,NULL,NULL,1),(3557,135,134,'helo','2025-03-17 11:44:55',NULL,NULL,NULL,1),(3558,135,134,'helo','2025-03-17 11:44:55',NULL,NULL,NULL,1),(3559,134,135,'hello','2025-03-17 12:55:47',NULL,NULL,NULL,1),(3560,134,135,'hello','2025-03-17 12:55:47',NULL,NULL,NULL,1),(3561,134,135,'hello how are you ','2025-03-18 05:52:19',NULL,NULL,NULL,1),(3562,134,135,'hello how are you ','2025-03-18 05:52:19',NULL,NULL,NULL,1),(3563,135,134,'','2025-03-18 05:52:28','image/png','http://localhost:3000/uploads/1742277148287.png',334947,1),(3564,135,134,'','2025-03-18 05:52:28',NULL,NULL,NULL,1),(3565,134,135,'hello ','2025-03-18 05:52:31',NULL,NULL,NULL,1),(3566,134,135,'hello ','2025-03-18 05:52:31',NULL,NULL,NULL,1),(3567,135,134,'hello ','2025-03-18 05:52:46',NULL,NULL,NULL,1),(3568,135,134,'hello ','2025-03-18 05:52:46',NULL,NULL,NULL,1),(3569,135,134,'','2025-03-18 07:00:13','image/png','http://localhost:3000/uploads/1742281213950.png',334947,1),(3570,135,134,'','2025-03-18 07:00:13',NULL,NULL,NULL,1),(3571,135,134,'','2025-03-18 07:00:38','application/pdf','http://localhost:3000/uploads/1742281238543.pdf',35590,1),(3572,135,134,'','2025-03-18 07:00:38',NULL,NULL,NULL,1),(3573,135,134,'','2025-03-18 07:01:57','video/mp4','http://localhost:3000/uploads/1742281317097.mp4',12476734,1),(3574,135,134,'','2025-03-18 07:01:57',NULL,NULL,NULL,1),(3575,134,135,'hello ','2025-03-18 07:03:34',NULL,NULL,NULL,1),(3576,134,135,'hello ','2025-03-18 07:03:34',NULL,NULL,NULL,1),(3577,135,134,'hello ','2025-03-18 09:48:41',NULL,NULL,NULL,1),(3578,135,134,'hello ','2025-03-18 09:48:41',NULL,NULL,NULL,1),(3579,134,135,'how are you ?','2025-03-18 09:48:49',NULL,NULL,NULL,1),(3580,134,135,'how are you ?','2025-03-18 09:48:49',NULL,NULL,NULL,1),(3581,135,134,'hello ','2025-03-18 09:50:15',NULL,NULL,NULL,1),(3582,135,134,'hello ','2025-03-18 09:50:15',NULL,NULL,NULL,1),(3583,134,135,'','2025-03-18 10:28:05','application/pdf','http://localhost:3000/uploads/1742293685010.pdf',31200,1),(3584,134,135,'','2025-03-18 10:28:05',NULL,NULL,NULL,1),(3585,134,135,'','2025-03-18 10:39:55','application/pdf','http://localhost:3000/uploads/1742294395440.pdf',35590,1),(3586,134,135,'','2025-03-18 10:39:55',NULL,NULL,NULL,1),(3587,135,134,'','2025-03-18 11:43:47','application/pdf','http://localhost:3000/uploads/1742298227192.pdf',35590,1),(3588,135,134,'','2025-03-18 11:43:47',NULL,NULL,NULL,1),(3589,134,135,'heloo ','2025-03-18 11:47:28',NULL,NULL,NULL,1),(3590,134,135,'heloo ','2025-03-18 11:47:28',NULL,NULL,NULL,1),(3591,134,135,'how are you ','2025-03-18 11:47:31',NULL,NULL,NULL,1),(3592,134,135,'how are you ','2025-03-18 11:47:31',NULL,NULL,NULL,1),(3593,135,134,'hello ','2025-03-18 11:48:08',NULL,NULL,NULL,1),(3594,135,134,'hello ','2025-03-18 11:48:08',NULL,NULL,NULL,1),(3595,134,135,'','2025-03-18 12:13:51','application/pdf','http://localhost:3000/uploads/1742300031778.pdf',35590,1),(3596,134,135,'','2025-03-18 12:13:51',NULL,NULL,NULL,1),(3597,135,134,'hello\nhow are you?','2025-03-18 12:38:48',NULL,NULL,NULL,1),(3598,135,134,'hello\nhow are you?','2025-03-18 12:38:48',NULL,NULL,NULL,1),(3599,134,135,'','2025-03-18 12:39:40','image/jpeg','http://localhost:3000/uploads/1742301580879.jpg',44019,1),(3600,134,135,'','2025-03-18 12:39:40',NULL,NULL,NULL,1),(3601,135,134,'','2025-03-18 12:40:02',NULL,NULL,NULL,1),(3602,135,134,'','2025-03-18 12:40:02','video/mp4','http://localhost:3000/uploads/1742301602779.mp4',12476734,1),(3603,134,135,'','2025-03-18 12:40:24','application/pdf','http://localhost:3000/uploads/1742301624468.pdf',35590,1),(3604,134,135,'','2025-03-18 12:40:24',NULL,NULL,NULL,1),(3605,135,134,'hello?','2025-03-18 12:40:39',NULL,NULL,NULL,1),(3606,135,134,'hello?','2025-03-18 12:40:39',NULL,NULL,NULL,1),(3607,134,135,'hello \nhow are you?','2025-03-18 12:40:50',NULL,NULL,NULL,1),(3608,134,135,'hello \nhow are you?','2025-03-18 12:40:50',NULL,NULL,NULL,1),(3609,134,135,'','2025-03-18 12:43:13','video/mp4','http://localhost:3000/uploads/1742301793435.mp4',2967424,1),(3610,134,135,'','2025-03-18 12:43:13',NULL,NULL,NULL,1),(3611,135,134,'hello ','2025-03-18 12:43:51',NULL,NULL,NULL,1),(3612,135,134,'hello ','2025-03-18 12:43:51',NULL,NULL,NULL,1),(3613,134,135,'how are you ?','2025-03-18 12:43:56',NULL,NULL,NULL,1),(3614,134,135,'how are you ?','2025-03-18 12:43:56',NULL,NULL,NULL,1),(3615,135,134,'yes','2025-03-19 04:36:34',NULL,NULL,NULL,1),(3616,135,134,'yes','2025-03-19 04:36:34',NULL,NULL,NULL,1),(3617,134,135,'no','2025-03-19 04:36:36',NULL,NULL,NULL,1),(3618,134,135,'no','2025-03-19 04:36:36',NULL,NULL,NULL,1),(3619,134,135,'@deepak kushwaha: yeshyy','2025-03-19 04:36:50',NULL,NULL,NULL,1),(3620,134,135,'@deepak kushwaha: yeshyy','2025-03-19 04:36:50',NULL,NULL,NULL,1),(3621,135,134,'hello','2025-03-19 05:30:28',NULL,NULL,NULL,1),(3622,135,134,'hello','2025-03-19 05:30:28',NULL,NULL,NULL,1),(3623,135,134,'helo ','2025-03-19 05:30:36',NULL,NULL,NULL,1),(3624,135,134,'helo ','2025-03-19 05:30:36',NULL,NULL,NULL,1),(3625,134,135,'hello hyy','2025-03-19 05:30:44',NULL,NULL,NULL,1),(3626,134,135,'hello ','2025-03-19 05:30:44',NULL,NULL,NULL,1),(3627,135,134,'hlo','2025-03-19 05:44:53',NULL,NULL,NULL,1),(3628,135,134,'hlo','2025-03-19 05:44:53',NULL,NULL,NULL,1),(3633,134,135,'helo','2025-03-19 09:08:04',NULL,NULL,NULL,1),(3634,134,135,'helo','2025-03-19 09:08:04',NULL,NULL,NULL,1),(3635,135,134,'helo ','2025-03-19 10:42:34',NULL,NULL,NULL,1),(3636,135,134,'helo ','2025-03-19 10:42:34',NULL,NULL,NULL,1),(3637,134,135,'how are you ','2025-03-19 10:42:39',NULL,NULL,NULL,1),(3638,134,135,'how are you ','2025-03-19 10:42:39',NULL,NULL,NULL,1),(3639,135,134,'helo ','2025-03-20 06:13:02',NULL,NULL,NULL,1),(3640,135,134,'helo ','2025-03-20 06:13:02',NULL,NULL,NULL,1),(3641,134,135,'helo ','2025-03-20 06:13:05',NULL,NULL,NULL,1),(3642,134,135,'helo ','2025-03-20 06:13:05',NULL,NULL,NULL,1),(3643,134,135,'hello ','2025-03-20 06:49:41',NULL,NULL,NULL,1),(3644,134,135,'hello ','2025-03-20 06:49:41',NULL,NULL,NULL,1),(3645,135,134,'heloo','2025-03-20 06:49:52',NULL,NULL,NULL,1),(3646,135,134,'heloo','2025-03-20 06:49:52',NULL,NULL,NULL,1),(3647,134,135,'','2025-03-20 10:21:03','image/png','http://localhost:3000/uploads/1742466063482.png',7827,1),(3648,134,135,'','2025-03-20 10:21:03',NULL,NULL,NULL,1),(3649,134,135,'','2025-03-20 10:26:51','image/png','http://localhost:3000/uploads/1742466411478.png',334947,1),(3650,134,135,'','2025-03-20 10:26:51',NULL,NULL,NULL,1),(3651,134,135,'hello','2025-03-20 10:46:03',NULL,NULL,NULL,1),(3652,134,135,'hello','2025-03-20 10:46:03',NULL,NULL,NULL,1),(3653,135,134,'helo h','2025-03-20 11:39:03',NULL,NULL,NULL,1),(3654,135,134,'helo h','2025-03-20 11:39:03',NULL,NULL,NULL,1),(3655,135,134,'helo ','2025-03-20 11:39:08',NULL,NULL,NULL,1),(3656,135,134,'helo ','2025-03-20 11:39:08',NULL,NULL,NULL,1),(3657,134,135,'helo ','2025-03-20 11:39:13',NULL,NULL,NULL,1),(3658,134,135,'helo ','2025-03-20 11:39:13',NULL,NULL,NULL,1),(3659,134,135,'helo ','2025-03-20 11:39:14',NULL,NULL,NULL,1),(3660,134,135,'helo ','2025-03-20 11:39:14',NULL,NULL,NULL,1),(3661,135,134,'helo ','2025-03-20 12:17:51',NULL,NULL,NULL,1),(3662,135,134,'helo ','2025-03-20 12:17:51',NULL,NULL,NULL,1),(3663,134,135,'hello \nhow are you?','2025-03-21 04:19:09',NULL,NULL,NULL,1),(3664,134,135,'hello \nhow are you?','2025-03-21 04:19:10',NULL,NULL,NULL,1),(3665,135,134,'helo ','2025-03-21 04:19:14',NULL,NULL,NULL,1),(3666,135,134,'helo ','2025-03-21 04:19:14',NULL,NULL,NULL,1);

--
-- Dumping routines for database 'chat_app'
--


